Last updated on 2025-02-04 15:49:13 CET.
Flavor | Version | Tinstall | Tcheck | Ttotal | Status | Flags |
---|---|---|---|---|---|---|
r-devel-linux-x86_64-debian-clang | 0.3.6 | 2.94 | 116.61 | 119.55 | NOTE | |
r-devel-linux-x86_64-debian-gcc | 0.3.6 | 2.25 | 88.84 | 91.09 | NOTE | |
r-devel-linux-x86_64-fedora-clang | 0.3.6 | 194.00 | NOTE | |||
r-devel-linux-x86_64-fedora-gcc | 0.3.6 | 214.42 | NOTE | |||
r-devel-windows-x86_64 | 0.3.6 | 4.00 | 181.00 | 185.00 | NOTE | |
r-patched-linux-x86_64 | 0.3.6 | 3.30 | 116.73 | 120.03 | NOTE | |
r-release-linux-x86_64 | 0.3.6 | 2.62 | 118.97 | 121.59 | NOTE | |
r-release-macos-arm64 | 0.3.6 | 68.00 | NOTE | |||
r-release-macos-x86_64 | 0.3.6 | 105.00 | NOTE | |||
r-release-windows-x86_64 | 0.3.6 | 4.00 | 179.00 | 183.00 | NOTE | |
r-oldrel-macos-arm64 | 0.3.6 | 71.00 | OK | |||
r-oldrel-macos-x86_64 | 0.3.6 | 115.00 | OK | |||
r-oldrel-windows-x86_64 | 0.3.6 | 5.00 | 210.00 | 215.00 | OK |
Version: 0.3.6
Check: Rd files
Result: NOTE
checkRd: (-1) knockoff.Rd:22-24: Lost braces in \itemize; meant \describe ?
checkRd: (-1) knockoff.Rd:25-27: Lost braces in \itemize; meant \describe ?
Flavors: r-devel-linux-x86_64-debian-clang, r-devel-linux-x86_64-debian-gcc, r-devel-linux-x86_64-fedora-clang, r-devel-linux-x86_64-fedora-gcc, r-devel-windows-x86_64, r-patched-linux-x86_64, r-release-linux-x86_64, r-release-macos-arm64, r-release-macos-x86_64, r-release-windows-x86_64