Last updated on 2023-12-04 01:48:46 CET.
Flavor | Version | Tinstall | Tcheck | Ttotal | Status | Flags |
---|---|---|---|---|---|---|
r-devel-linux-x86_64-debian-clang | 0.99.6 | 46.81 | 139.43 | 186.24 | NOTE | |
r-devel-linux-x86_64-debian-gcc | 0.99.6 | 31.69 | 103.22 | 134.91 | NOTE | |
r-devel-linux-x86_64-fedora-clang | 0.99.6 | 242.97 | OK | |||
r-devel-linux-x86_64-fedora-gcc | 0.99.6 | 230.19 | OK | |||
r-devel-windows-x86_64 | 0.99.6 | 37.00 | 137.00 | 174.00 | OK | |
r-patched-linux-x86_64 | 0.99.6 | 29.52 | 130.79 | 160.31 | OK | |
r-release-linux-x86_64 | 0.99.6 | 28.87 | 134.76 | 163.63 | OK | |
r-release-macos-arm64 | 0.99.6 | 67.00 | OK | |||
r-release-macos-x86_64 | 0.99.6 | 111.00 | OK | |||
r-release-windows-x86_64 | 0.99.6 | 48.00 | 160.00 | 208.00 | OK | |
r-oldrel-macos-arm64 | 0.99.6 | 61.00 | OK | |||
r-oldrel-macos-x86_64 | 0.99.6 | 103.00 | OK | |||
r-oldrel-windows-x86_64 | 0.99.6 | 47.00 | 164.00 | 211.00 | OK |
Version: 0.99.6
Check: Rd files
Result: NOTE
checkRd: (-1) CreateDataSet.Rd:23: Lost braces in \itemize; \value handles \item{}{} directly
checkRd: (-1) CreateDataSet.Rd:24: Lost braces in \itemize; \value handles \item{}{} directly
checkRd: (-1) CreateDataSet.Rd:25: Lost braces in \itemize; \value handles \item{}{} directly
checkRd: (-1) FindElement.Rd:21: Lost braces in \itemize; \value handles \item{}{} directly
checkRd: (-1) FindElement.Rd:22: Lost braces in \itemize; \value handles \item{}{} directly
checkRd: (-1) FindNbrClusters.Rd:21: Lost braces in \itemize; \value handles \item{}{} directly
checkRd: (-1) FindNbrClusters.Rd:22: Lost braces in \itemize; \value handles \item{}{} directly
checkRd: (-1) FindStructure.Rd:15: Lost braces in \itemize; \value handles \item{}{} directly
checkRd: (-1) FindStructure.Rd:16: Lost braces in \itemize; \value handles \item{}{} directly
checkRd: (-1) l1_spectralclustering.Rd:32: Lost braces in \itemize; \value handles \item{}{} directly
checkRd: (-1) l1_spectralclustering.Rd:33: Lost braces in \itemize; \value handles \item{}{} directly
checkRd: (-1) l1_spectralclustering.Rd:34: Lost braces in \itemize; \value handles \item{}{} directly
checkRd: (-1) l1_spectralclustering.Rd:35: Lost braces in \itemize; \value handles \item{}{} directly
Flavors: r-devel-linux-x86_64-debian-clang, r-devel-linux-x86_64-debian-gcc