CRAN Package Check Results for Package landsat

Last updated on 2024-07-21 16:52:14 CEST.

Flavor Version Tinstall Tcheck Ttotal Status Flags
r-devel-linux-x86_64-debian-clang 1.1.2 11.43 105.42 116.85 NOTE
r-devel-linux-x86_64-debian-gcc 1.1.2 7.61 78.01 85.62 NOTE
r-devel-linux-x86_64-fedora-clang 1.1.2 139.57 NOTE
r-devel-linux-x86_64-fedora-gcc 1.1.2 133.14 NOTE
r-devel-windows-x86_64 1.1.2 9.00 96.00 105.00 NOTE
r-patched-linux-x86_64 1.1.2 9.59 98.10 107.69 NOTE
r-release-linux-x86_64 1.1.2 10.86 98.82 109.68 NOTE
r-release-macos-arm64 1.1.2 42.00 NOTE
r-release-macos-x86_64 1.1.2 66.00 NOTE
r-release-windows-x86_64 1.1.2 9.00 99.00 108.00 NOTE
r-oldrel-macos-arm64 1.1.2 47.00 OK
r-oldrel-macos-x86_64 1.1.2 120.00 OK
r-oldrel-windows-x86_64 1.1.2 12.00 113.00 125.00 OK

Check Details

Version: 1.1.2
Check: Rd files
Result: NOTE checkRd: (-1) DOS.Rd:34: Lost braces; missing escapes or markup? 34 | Band-specific sensor $G_{rescale}$ (gain). Require either gain and offset or Grescale and Brescale to convert DN to radiance. | ^ checkRd: (-1) DOS.Rd:37: Lost braces; missing escapes or markup? 37 | Band-specific sensor $B_{rescale}$ (bias). Require either gain and offset or Grescale and Brescale to convert DN to radiance. | ^ Flavors: r-devel-linux-x86_64-debian-clang, r-devel-linux-x86_64-debian-gcc, r-devel-linux-x86_64-fedora-clang, r-devel-linux-x86_64-fedora-gcc, r-devel-windows-x86_64, r-patched-linux-x86_64, r-release-linux-x86_64, r-release-macos-arm64, r-release-macos-x86_64, r-release-windows-x86_64