Last updated on 2024-08-31 22:49:41 CEST.
Flavor | Version | Tinstall | Tcheck | Ttotal | Status | Flags |
---|---|---|---|---|---|---|
r-devel-linux-x86_64-debian-clang | 5.2.8 | 26.94 | 187.78 | 214.72 | NOTE | |
r-devel-linux-x86_64-debian-gcc | 5.2.8 | 16.66 | 122.05 | 138.71 | NOTE | |
r-devel-linux-x86_64-fedora-clang | 5.2.8 | 360.31 | OK | |||
r-devel-linux-x86_64-fedora-gcc | 5.2.8 | 333.05 | OK | |||
r-devel-windows-x86_64 | 5.2.8 | 29.00 | 214.00 | 243.00 | NOTE | |
r-patched-linux-x86_64 | 5.2.8 | 29.58 | 173.28 | 202.86 | OK | |
r-release-linux-x86_64 | 5.2.8 | 27.42 | 173.69 | 201.11 | OK | |
r-release-macos-arm64 | 5.2.8 | 89.00 | OK | |||
r-release-macos-x86_64 | 5.2.8 | 191.00 | OK | |||
r-release-windows-x86_64 | 5.2.8 | 30.00 | 214.00 | 244.00 | OK | |
r-oldrel-macos-arm64 | 5.2.8 | 90.00 | OK | |||
r-oldrel-macos-x86_64 | 5.2.8 | 182.00 | OK | |||
r-oldrel-windows-x86_64 | 5.2.8 | 36.00 | 270.00 | 306.00 | OK |
Version: 5.2.8
Check: Rd cross-references
Result: NOTE
Found the following Rd file(s) with Rd \link{} targets missing package
anchors:
tree_var.Rd: rpart
Please provide package anchors for all Rd \link{} targets not in the
package itself and the base packages.
Flavors: r-devel-linux-x86_64-debian-clang, r-devel-linux-x86_64-debian-gcc, r-devel-windows-x86_64