Last updated on 2024-04-24 00:55:47 CEST.
Flavor | Version | Tinstall | Tcheck | Ttotal | Status | Flags |
---|---|---|---|---|---|---|
r-devel-linux-x86_64-debian-clang | 0.6-30 | 9.34 | 101.21 | 110.55 | OK | |
r-devel-linux-x86_64-debian-gcc | 0.6-30 | 5.97 | 71.42 | 77.39 | OK | |
r-devel-linux-x86_64-fedora-clang | 0.6-30 | 129.96 | NOTE | |||
r-devel-linux-x86_64-fedora-gcc | 0.6-30 | 125.71 | OK | |||
r-prerel-macos-arm64 | 0.6-30 | 38.00 | OK | |||
r-prerel-windows-x86_64 | 0.6-30 | 8.00 | 101.00 | 109.00 | OK | |
r-patched-linux-x86_64 | 0.6-30 | 8.09 | 92.85 | 100.94 | OK | |
r-release-linux-x86_64 | 0.6-30 | 8.40 | 94.06 | 102.46 | OK | |
r-release-macos-arm64 | 0.6-30 | 39.00 | OK | |||
r-release-macos-x86_64 | 0.6-30 | 67.00 | OK | |||
r-release-windows-x86_64 | 0.6-30 | 11.00 | 118.00 | 129.00 | OK | |
r-oldrel-macos-arm64 | 0.6-30 | 40.00 | OK | |||
r-oldrel-windows-x86_64 | 0.6-30 | 12.00 | 122.00 | 134.00 | OK |
Version: 0.6-30
Check: Rd cross-references
Result: NOTE
Undeclared package ‘ggplot2’ in Rd xrefs
Flavor: r-devel-linux-x86_64-fedora-clang