Last updated on 2023-09-23 08:10:58 CEST.
Flavor | Version | Tinstall | Tcheck | Ttotal | Status | Flags |
---|---|---|---|---|---|---|
r-devel-linux-x86_64-debian-clang | 0.2.2 | 4.77 | 37.13 | 41.90 | NOTE | |
r-devel-linux-x86_64-debian-gcc | 0.2.2 | 3.20 | 28.46 | 31.66 | NOTE | |
r-devel-linux-x86_64-fedora-clang | 0.2.2 | 52.18 | NOTE | |||
r-devel-linux-x86_64-fedora-gcc | 0.2.2 | 61.74 | NOTE | |||
r-devel-windows-x86_64 | 0.2.2 | 7.00 | 59.00 | 66.00 | NOTE | |
r-patched-linux-x86_64 | 0.2.2 | 4.87 | 35.96 | 40.83 | NOTE | |
r-release-linux-x86_64 | 0.2.2 | 4.31 | 35.40 | 39.71 | NOTE | |
r-release-macos-arm64 | 0.2.2 | 32.00 | NOTE | |||
r-release-macos-x86_64 | 0.2.2 | 43.00 | NOTE | |||
r-release-windows-x86_64 | 0.2.2 | 8.00 | 62.00 | 70.00 | NOTE | |
r-oldrel-macos-arm64 | 0.2.2 | 25.00 | NOTE | |||
r-oldrel-macos-x86_64 | 0.2.2 | 33.00 | NOTE | |||
r-oldrel-windows-x86_64 | 0.2.2 | 10.00 | 59.00 | 69.00 | NOTE |
Version: 0.2.2
Check: LazyData
Result: NOTE
'LazyData' is specified without a 'data' directory
Flavors: r-devel-linux-x86_64-debian-clang, r-devel-linux-x86_64-debian-gcc, r-devel-linux-x86_64-fedora-clang, r-devel-linux-x86_64-fedora-gcc, r-devel-windows-x86_64, r-patched-linux-x86_64, r-release-linux-x86_64, r-release-macos-arm64, r-release-macos-x86_64, r-release-windows-x86_64, r-oldrel-macos-arm64, r-oldrel-macos-x86_64, r-oldrel-windows-x86_64