Last updated on 2025-02-04 16:49:14 CET.
Flavor | Version | Tinstall | Tcheck | Ttotal | Status | Flags |
---|---|---|---|---|---|---|
r-devel-linux-x86_64-debian-clang | 5.0 | 27.99 | 340.68 | 368.67 | NOTE | |
r-devel-linux-x86_64-debian-gcc | 5.0 | 18.59 | 215.72 | 234.31 | NOTE | |
r-devel-linux-x86_64-fedora-clang | 5.0 | 607.36 | OK | |||
r-devel-linux-x86_64-fedora-gcc | 5.0 | 575.50 | OK | |||
r-devel-windows-x86_64 | 5.0 | 25.00 | 288.00 | 313.00 | NOTE | |
r-patched-linux-x86_64 | 5.0 | 28.58 | 314.86 | 343.44 | OK | |
r-release-linux-x86_64 | 5.0 | 24.86 | 320.93 | 345.79 | OK | |
r-release-macos-arm64 | 5.0 | 134.00 | OK | |||
r-release-macos-x86_64 | 5.0 | 232.00 | OK | |||
r-release-windows-x86_64 | 5.0 | 25.00 | 284.00 | 309.00 | OK | |
r-oldrel-macos-arm64 | 5.0 | 147.00 | OK | |||
r-oldrel-macos-x86_64 | 5.0 | 549.00 | NOTE | |||
r-oldrel-windows-x86_64 | 5.0 | 32.00 | 370.00 | 402.00 | OK |
Version: 5.0
Check: Rd cross-references
Result: NOTE
Found the following Rd file(s) with Rd \link{} targets missing package
anchors:
lets.presab.Rd: terra, sf
lets.presab.grid.Rd: terra, sf
lets.shFilter.Rd: terra, sf
Please provide package anchors for all Rd \link{} targets not in the
package itself and the base packages.
Flavors: r-devel-linux-x86_64-debian-clang, r-devel-linux-x86_64-debian-gcc, r-devel-windows-x86_64
Version: 5.0
Check: installed package size
Result: NOTE
installed size is 5.3Mb
sub-directories of 1Mb or more:
data 2.2Mb
doc 1.5Mb
extdata 1.1Mb
Flavor: r-oldrel-macos-x86_64