Last updated on 2024-08-31 22:49:42 CEST.
Flavor | Version | Tinstall | Tcheck | Ttotal | Status | Flags |
---|---|---|---|---|---|---|
r-devel-linux-x86_64-debian-clang | 1.3.5 | 7.01 | 60.41 | 67.42 | NOTE | |
r-devel-linux-x86_64-debian-gcc | 1.3.5 | 5.64 | 43.81 | 49.45 | NOTE | |
r-devel-linux-x86_64-fedora-clang | 1.3.5 | 110.96 | NOTE | |||
r-devel-linux-x86_64-fedora-gcc | 1.3.5 | 113.73 | NOTE | |||
r-devel-windows-x86_64 | 1.3.5 | 9.00 | 87.00 | 96.00 | NOTE | |
r-patched-linux-x86_64 | 1.3.5 | 11.66 | 57.56 | 69.22 | OK | |
r-release-linux-x86_64 | 1.3.5 | 6.08 | 58.20 | 64.28 | OK | |
r-release-macos-arm64 | 1.3.5 | 39.00 | OK | |||
r-release-macos-x86_64 | 1.3.5 | 59.00 | OK | |||
r-release-windows-x86_64 | 1.3.5 | 9.00 | 88.00 | 97.00 | OK | |
r-oldrel-macos-arm64 | 1.3.5 | 44.00 | OK | |||
r-oldrel-macos-x86_64 | 1.3.5 | 65.00 | OK | |||
r-oldrel-windows-x86_64 | 1.3.5 | 13.00 | 95.00 | 108.00 | OK |
Version: 1.3.5
Check: Rd cross-references
Result: NOTE
Found the following Rd file(s) with Rd \link{} targets missing package
anchors:
plot.likert.Rd: theme
plot.likert.gap.Rd: theme
print.xlikert.Rd: print.xtable
xtable.likert.Rd: xtable, print.xtable
Please provide package anchors for all Rd \link{} targets not in the
package itself and the base packages.
Flavors: r-devel-linux-x86_64-debian-clang, r-devel-linux-x86_64-debian-gcc, r-devel-windows-x86_64
Version: 1.3.5
Check: data for non-ASCII characters
Result: NOTE
Note: found 7 marked UTF-8 strings
Flavors: r-devel-linux-x86_64-fedora-clang, r-devel-linux-x86_64-fedora-gcc