Last updated on 2024-07-27 16:49:11 CEST.
Flavor | Version | Tinstall | Tcheck | Ttotal | Status | Flags |
---|---|---|---|---|---|---|
r-devel-linux-x86_64-debian-clang | 0.1.2 | 5.02 | 94.06 | 99.08 | OK | |
r-devel-linux-x86_64-debian-gcc | 0.1.2 | NOTE | ||||
r-devel-linux-x86_64-fedora-clang | 0.1.2 | 125.76 | NOTE | |||
r-devel-linux-x86_64-fedora-gcc | 0.1.2 | 136.13 | OK | |||
r-devel-windows-x86_64 | 0.1.2 | 8.00 | 97.00 | 105.00 | NOTE | |
r-patched-linux-x86_64 | 0.1.2 | OK | ||||
r-release-linux-x86_64 | 0.1.2 | 6.06 | 92.27 | 98.33 | OK | |
r-release-macos-arm64 | 0.1.2 | 51.00 | OK | |||
r-release-macos-x86_64 | 0.1.2 | 92.00 | OK | |||
r-release-windows-x86_64 | 0.1.2 | 7.00 | 98.00 | 105.00 | OK | |
r-oldrel-macos-arm64 | 0.1.2 | 57.00 | OK | |||
r-oldrel-macos-x86_64 | 0.1.2 | 78.00 | OK | |||
r-oldrel-windows-x86_64 | 0.1.2 | 10.00 | 111.00 | 121.00 | OK |
Version: 0.1.2
Check: Rd cross-references
Result: NOTE
Found the following Rd file(s) with Rd \link{} targets missing package
anchors:
morphs.Rd: tourr
Please provide package anchors for all Rd \link{} targets not in the
package itself and the base packages.
Flavors: r-devel-linux-x86_64-debian-gcc, r-devel-windows-x86_64
Version: 0.1.2
Check: Rd cross-references
Result: NOTE
Undeclared package ‘tidyselect’ in Rd xrefs
Flavor: r-devel-linux-x86_64-fedora-clang