Last updated on 2025-02-04 15:49:14 CET.
Flavor | Version | Tinstall | Tcheck | Ttotal | Status | Flags |
---|---|---|---|---|---|---|
r-devel-linux-x86_64-debian-clang | 0.1.2 | 3.62 | 35.85 | 39.47 | OK | |
r-devel-linux-x86_64-debian-gcc | 0.1.2 | 2.68 | 27.20 | 29.88 | OK | |
r-devel-linux-x86_64-fedora-clang | 0.1.2 | 66.78 | OK | |||
r-devel-linux-x86_64-fedora-gcc | 0.1.2 | 76.18 | OK | |||
r-devel-windows-x86_64 | 0.1.2 | 5.00 | 59.00 | 64.00 | OK | |
r-patched-linux-x86_64 | 0.1.2 | 3.97 | 33.72 | 37.69 | NOTE | |
r-release-linux-x86_64 | 0.1.2 | 3.90 | 33.90 | 37.80 | NOTE | |
r-release-macos-arm64 | 0.1.2 | 30.00 | NOTE | |||
r-release-macos-x86_64 | 0.1.2 | 42.00 | NOTE | |||
r-release-windows-x86_64 | 0.1.2 | 5.00 | 59.00 | 64.00 | NOTE | |
r-oldrel-macos-arm64 | 0.1.2 | 32.00 | NOTE | |||
r-oldrel-macos-x86_64 | 0.1.2 | 50.00 | NOTE | |||
r-oldrel-windows-x86_64 | 0.1.2 | 6.00 | 63.00 | 69.00 | NOTE |
Version: 0.1.2
Check: LazyData
Result: NOTE
'LazyData' is specified without a 'data' directory
Flavors: r-patched-linux-x86_64, r-release-linux-x86_64, r-release-macos-arm64, r-release-macos-x86_64, r-release-windows-x86_64, r-oldrel-macos-arm64, r-oldrel-macos-x86_64, r-oldrel-windows-x86_64