Last updated on 2024-05-02 08:57:47 CEST.
Flavor | Version | Tinstall | Tcheck | Ttotal | Status | Flags |
---|---|---|---|---|---|---|
r-devel-linux-x86_64-debian-clang | 1.0.0 | 12.12 | 84.11 | 96.23 | NOTE | |
r-devel-linux-x86_64-debian-gcc | 1.0.0 | 7.77 | 62.27 | 70.04 | NOTE | |
r-devel-linux-x86_64-fedora-clang | 1.0.0 | 119.63 | NOTE | |||
r-devel-linux-x86_64-fedora-gcc | 1.0.0 | 124.90 | NOTE | |||
r-devel-windows-x86_64 | 1.0.0 | 11.00 | 84.00 | 95.00 | NOTE | |
r-patched-linux-x86_64 | 1.0.0 | 14.35 | 79.76 | 94.11 | NOTE | |
r-release-linux-x86_64 | 1.0.0 | 6.24 | 79.24 | 85.48 | NOTE | |
r-release-macos-arm64 | 1.0.0 | 53.00 | NOTE | |||
r-release-windows-x86_64 | 1.0.0 | 11.00 | 85.00 | 96.00 | NOTE | |
r-oldrel-macos-arm64 | 1.0.0 | 42.00 | OK | |||
r-oldrel-macos-x86_64 | 1.0.0 | 59.00 | OK | |||
r-oldrel-windows-x86_64 | 1.0.0 | 11.00 | 98.00 | 109.00 | OK |
Version: 1.0.0
Check: Rd files
Result: NOTE
checkRd: (-1) is_natural_number.Rd:17: Lost braces; missing escapes or markup?
17 | Test for natural numbers according to ISO 80000-2, that is the set {0, 1, 2, ...}
| ^
Flavors: r-devel-linux-x86_64-debian-clang, r-devel-linux-x86_64-debian-gcc, r-devel-linux-x86_64-fedora-clang, r-devel-linux-x86_64-fedora-gcc, r-devel-windows-x86_64, r-patched-linux-x86_64, r-release-linux-x86_64, r-release-macos-arm64, r-release-windows-x86_64