Last updated on 2025-02-04 16:49:15 CET.
Flavor | Version | Tinstall | Tcheck | Ttotal | Status | Flags |
---|---|---|---|---|---|---|
r-devel-linux-x86_64-debian-clang | 0.2.4 | 11.68 | 103.83 | 115.51 | NOTE | |
r-devel-linux-x86_64-debian-gcc | 0.2.4 | 8.54 | 75.75 | 84.29 | NOTE | |
r-devel-linux-x86_64-fedora-clang | 0.2.4 | 193.68 | NOTE | |||
r-devel-linux-x86_64-fedora-gcc | 0.2.4 | 189.01 | NOTE | |||
r-devel-windows-x86_64 | 0.2.4 | 13.00 | 109.00 | 122.00 | NOTE | |
r-patched-linux-x86_64 | 0.2.4 | 12.05 | 95.37 | 107.42 | NOTE | |
r-release-linux-x86_64 | 0.2.4 | 12.05 | 96.19 | 108.24 | NOTE | |
r-release-macos-arm64 | 0.2.4 | 53.00 | NOTE | |||
r-release-macos-x86_64 | 0.2.4 | 88.00 | NOTE | |||
r-release-windows-x86_64 | 0.2.4 | 13.00 | 106.00 | 119.00 | NOTE | |
r-oldrel-macos-arm64 | 0.2.4 | 56.00 | OK | |||
r-oldrel-macos-x86_64 | 0.2.4 | 84.00 | OK | |||
r-oldrel-windows-x86_64 | 0.2.4 | 16.00 | 131.00 | 147.00 | OK |
Version: 0.2.4
Check: Rd files
Result: NOTE
checkRd: (-1) bootstrap_pvals.Rd:78: Lost braces; missing escapes or markup?
78 | $(n_{extreme} + 1) / (B + 1)$.
| ^
Flavors: r-devel-linux-x86_64-debian-clang, r-devel-linux-x86_64-debian-gcc, r-devel-linux-x86_64-fedora-clang, r-devel-linux-x86_64-fedora-gcc, r-devel-windows-x86_64, r-patched-linux-x86_64, r-release-linux-x86_64, r-release-macos-arm64, r-release-macos-x86_64, r-release-windows-x86_64