Last updated on 2023-11-30 16:49:27 CET.
Flavor | Version | Tinstall | Tcheck | Ttotal | Status | Flags |
---|---|---|---|---|---|---|
r-devel-linux-x86_64-debian-clang | 1.1.2 | 12.86 | 37.95 | 50.81 | NOTE | |
r-devel-linux-x86_64-debian-gcc | 1.1.2 | 8.51 | 29.11 | 37.62 | NOTE | |
r-devel-linux-x86_64-fedora-clang | 1.1.2 | 68.69 | NOTE | |||
r-devel-linux-x86_64-fedora-gcc | 1.1.2 | 65.06 | NOTE | |||
r-devel-windows-x86_64 | 1.1.2 | 13.00 | 69.00 | 82.00 | NOTE | |
r-patched-linux-x86_64 | 1.1.2 | 10.79 | 36.88 | 47.67 | NOTE | |
r-release-linux-x86_64 | 1.1.2 | 11.86 | 36.92 | 48.78 | NOTE | |
r-release-macos-arm64 | 1.1.2 | 23.00 | NOTE | |||
r-release-macos-x86_64 | 1.1.2 | 35.00 | NOTE | |||
r-release-windows-x86_64 | 1.1.2 | 13.00 | 75.00 | 88.00 | NOTE | |
r-oldrel-macos-arm64 | 1.1.2 | 26.00 | OK | |||
r-oldrel-macos-x86_64 | 1.1.2 | 32.00 | OK | |||
r-oldrel-windows-x86_64 | 1.1.2 | 16.00 | 77.00 | 93.00 | OK |
Version: 1.1.2
Check: C++ specification
Result: NOTE
Specified C++11: please drop specification unless essential
Flavors: r-devel-linux-x86_64-debian-clang, r-devel-linux-x86_64-debian-gcc, r-devel-linux-x86_64-fedora-clang, r-devel-linux-x86_64-fedora-gcc, r-devel-windows-x86_64, r-patched-linux-x86_64, r-release-linux-x86_64, r-release-macos-arm64, r-release-macos-x86_64, r-release-windows-x86_64