Last updated on 2025-04-29 09:52:09 CEST.
Flavor | Version | Tinstall | Tcheck | Ttotal | Status | Flags |
---|---|---|---|---|---|---|
r-devel-linux-x86_64-debian-clang | 0.1.3 | 24.00 | 315.31 | 339.31 | NOTE | |
r-devel-linux-x86_64-debian-gcc | 0.1.3 | 13.83 | 207.24 | 221.07 | NOTE | |
r-devel-linux-x86_64-fedora-clang | 0.1.3 | 564.15 | OK | |||
r-devel-linux-x86_64-fedora-gcc | 0.1.3 | 513.95 | OK | |||
r-devel-windows-x86_64 | 0.1.3 | 23.00 | 294.00 | 317.00 | OK | |
r-patched-linux-x86_64 | 0.1.3 | 21.11 | 299.85 | 320.96 | OK | |
r-release-linux-x86_64 | 0.1.3 | 18.25 | 299.82 | 318.07 | OK | |
r-release-macos-arm64 | 0.1.3 | 142.00 | OK | |||
r-release-macos-x86_64 | 0.1.3 | 290.00 | OK | |||
r-release-windows-x86_64 | 0.1.3 | 22.00 | 293.00 | 315.00 | OK | |
r-oldrel-macos-arm64 | 0.1.3 | 102.00 | OK | |||
r-oldrel-macos-x86_64 | 0.1.3 | 11.00 | ERROR | |||
r-oldrel-windows-x86_64 | 0.1.3 | 29.00 | 365.00 | 394.00 | OK |
Version: 0.1.3
Check: examples
Result: NOTE
Examples with CPU (user + system) or elapsed time > 5s
user system elapsed
AAcompare 5.536 0.195 7.480
vqscompare 3.558 0.014 5.005
Flavor: r-devel-linux-x86_64-debian-clang
Version: 0.1.3
Check: examples
Result: NOTE
Examples with CPU (user + system) or elapsed time > 5s
user system elapsed
AAcompare 4.641 0.28 5.529
Flavor: r-devel-linux-x86_64-debian-gcc
Version: 0.1.3
Check: package dependencies
Result: ERROR
Package required but not available: ‘QSutils’
See section ‘The DESCRIPTION file’ in the ‘Writing R Extensions’
manual.
Flavor: r-oldrel-macos-x86_64