Last updated on 2024-05-02 08:57:47 CEST.
Flavor | Version | Tinstall | Tcheck | Ttotal | Status | Flags |
---|---|---|---|---|---|---|
r-devel-linux-x86_64-debian-clang | 0.1.0 | 3.92 | 54.72 | 58.64 | OK | |
r-devel-linux-x86_64-debian-gcc | 0.1.0 | 2.33 | 40.77 | 43.10 | OK | |
r-devel-linux-x86_64-fedora-clang | 0.1.0 | 74.12 | NOTE | |||
r-devel-linux-x86_64-fedora-gcc | 0.1.0 | 82.89 | NOTE | |||
r-devel-windows-x86_64 | 0.1.0 | 4.00 | 65.00 | 69.00 | OK | |
r-patched-linux-x86_64 | 0.1.0 | 4.46 | 51.10 | 55.56 | OK | |
r-release-linux-x86_64 | 0.1.0 | 3.19 | 52.08 | 55.27 | OK | |
r-release-macos-arm64 | 0.1.0 | 32.00 | OK | |||
r-release-windows-x86_64 | 0.1.0 | 4.00 | 65.00 | 69.00 | OK | |
r-oldrel-macos-arm64 | 0.1.0 | 34.00 | OK | |||
r-oldrel-macos-x86_64 | 0.1.0 | 49.00 | OK | |||
r-oldrel-windows-x86_64 | 0.1.0 | 5.00 | 68.00 | 73.00 | OK |
Version: 0.1.0
Check: dependencies in R code
Result: NOTE
Namespace in Imports field not imported from: ‘knitr’
All declared Imports should be used.
Flavors: r-devel-linux-x86_64-fedora-clang, r-devel-linux-x86_64-fedora-gcc