Last updated on 2025-02-05 06:50:17 CET.
Flavor | Version | Tinstall | Tcheck | Ttotal | Status | Flags |
---|---|---|---|---|---|---|
r-devel-linux-x86_64-debian-clang | 2.30-0 | 1.92 | 55.14 | 57.06 | NOTE | |
r-devel-linux-x86_64-debian-gcc | 2.30-0 | 1.51 | 41.16 | 42.67 | NOTE | |
r-devel-linux-x86_64-fedora-clang | 2.30-0 | 88.29 | OK | |||
r-devel-linux-x86_64-fedora-gcc | 2.30-0 | 89.12 | OK | |||
r-devel-windows-x86_64 | 2.30-0 | 3.00 | 73.00 | 76.00 | NOTE | |
r-patched-linux-x86_64 | 2.30-0 | 2.76 | 53.24 | 56.00 | OK | |
r-release-linux-x86_64 | 2.30-0 | 1.69 | 52.44 | 54.13 | OK | |
r-release-macos-arm64 | 2.30-0 | 34.00 | OK | |||
r-release-macos-x86_64 | 2.30-0 | 45.00 | OK | |||
r-release-windows-x86_64 | 2.30-0 | 3.00 | 69.00 | 72.00 | OK | |
r-oldrel-macos-arm64 | 2.30-0 | 37.00 | OK | |||
r-oldrel-macos-x86_64 | 2.30-0 | 54.00 | OK | |||
r-oldrel-windows-x86_64 | 2.30-0 | 6.00 | 82.00 | 88.00 | OK |
Version: 2.30-0
Check: Rd cross-references
Result: NOTE
Found the following Rd file(s) with Rd \link{} targets missing package
anchors:
ref.grid-class.Rd: emmGrid-class
ref.grid.Rd: ref_grid, recover_data, emm_basis
Please provide package anchors for all Rd \link{} targets not in the
package itself and the base packages.
Flavors: r-devel-linux-x86_64-debian-clang, r-devel-linux-x86_64-debian-gcc, r-devel-windows-x86_64