Last updated on 2024-04-19 05:10:48 CEST.
Flavor | Version | Tinstall | Tcheck | Ttotal | Status | Flags |
---|---|---|---|---|---|---|
r-devel-linux-x86_64-debian-clang | 0.2-14 | 108.14 | 61.99 | 170.13 | OK | |
r-devel-linux-x86_64-debian-gcc | 0.2-14 | 93.07 | 46.07 | 139.14 | OK | |
r-devel-linux-x86_64-fedora-clang | 0.2-14 | 226.59 | OK | |||
r-devel-linux-x86_64-fedora-gcc | 0.2-14 | 247.00 | OK | |||
r-prerel-macos-arm64 | 0.2-14 | 59.00 | NOTE | |||
r-prerel-macos-x86_64 | 0.2-14 | 121.00 | NOTE | |||
r-prerel-windows-x86_64 | 0.2-14 | 104.00 | 223.00 | 327.00 | NOTE | |
r-patched-linux-x86_64 | 0.2-14 | 112.47 | 58.85 | 171.32 | OK | |
r-release-linux-x86_64 | 0.2-14 | 117.33 | 58.54 | 175.87 | OK | |
r-release-macos-arm64 | 0.2-14 | 69.00 | NOTE | |||
r-release-macos-x86_64 | 0.2-14 | 105.00 | NOTE | |||
r-release-windows-x86_64 | 0.2-14 | 132.00 | 281.00 | 413.00 | NOTE | |
r-oldrel-macos-arm64 | 0.2-14 | 66.00 | NOTE | |||
r-oldrel-windows-x86_64 | 0.2-14 | 182.00 | 586.00 | 768.00 | NOTE |
Version: 0.2-14
Check: installed package size
Result: NOTE
installed size is 24.4Mb
sub-directories of 1Mb or more:
libs 24.2Mb
Flavors: r-prerel-macos-arm64, r-prerel-macos-x86_64, r-prerel-windows-x86_64, r-release-macos-arm64, r-release-macos-x86_64, r-release-windows-x86_64, r-oldrel-macos-arm64, r-oldrel-windows-x86_64