Last updated on 2025-02-04 15:49:14 CET.
Flavor | Version | Tinstall | Tcheck | Ttotal | Status | Flags |
---|---|---|---|---|---|---|
r-devel-linux-x86_64-debian-clang | 0.1.1 | 42.67 | 66.81 | 109.48 | NOTE | |
r-devel-linux-x86_64-debian-gcc | 0.1.1 | 31.96 | 50.57 | 82.53 | NOTE | |
r-devel-linux-x86_64-fedora-clang | 0.1.1 | 187.47 | NOTE | |||
r-devel-linux-x86_64-fedora-gcc | 0.1.1 | 190.28 | NOTE | |||
r-devel-windows-x86_64 | 0.1.1 | 44.00 | 101.00 | 145.00 | NOTE | |
r-patched-linux-x86_64 | 0.1.1 | 40.97 | 63.04 | 104.01 | NOTE | |
r-release-linux-x86_64 | 0.1.1 | 39.68 | 61.79 | 101.47 | NOTE | |
r-release-macos-arm64 | 0.1.1 | 48.00 | NOTE | |||
r-release-macos-x86_64 | 0.1.1 | 73.00 | NOTE | |||
r-release-windows-x86_64 | 0.1.1 | 44.00 | 98.00 | 142.00 | NOTE | |
r-oldrel-macos-arm64 | 0.1.1 | 56.00 | NOTE | |||
r-oldrel-macos-x86_64 | 0.1.1 | 93.00 | NOTE | |||
r-oldrel-windows-x86_64 | 0.1.1 | 43.00 | 9.00 | 52.00 | ERROR |
Version: 0.1.1
Check: C++ specification
Result: NOTE
Specified C++11: please drop specification unless essential
Flavors: r-devel-linux-x86_64-debian-clang, r-devel-linux-x86_64-debian-gcc, r-devel-linux-x86_64-fedora-clang, r-devel-linux-x86_64-fedora-gcc, r-devel-windows-x86_64, r-patched-linux-x86_64, r-release-linux-x86_64, r-release-macos-arm64, r-release-macos-x86_64, r-release-windows-x86_64, r-oldrel-macos-arm64, r-oldrel-macos-x86_64
Version: 0.1.1
Check: whether package can be installed
Result: ERROR
Installation failed.
Flavor: r-oldrel-windows-x86_64