Last updated on 2023-11-28 08:56:30 CET.
Flavor | Version | Tinstall | Tcheck | Ttotal | Status | Flags |
---|---|---|---|---|---|---|
r-devel-linux-x86_64-debian-clang | 0.8.0 | 8.98 | 177.84 | 186.82 | OK | |
r-devel-linux-x86_64-debian-gcc | 0.8.0 | 6.99 | 131.71 | 138.70 | OK | |
r-devel-linux-x86_64-fedora-clang | 0.8.0 | 224.07 | NOTE | |||
r-devel-linux-x86_64-fedora-gcc | 0.8.0 | 235.87 | NOTE | |||
r-devel-windows-x86_64 | 0.8.0 | 11.00 | 130.00 | 141.00 | OK | |
r-patched-linux-x86_64 | 0.8.0 | 11.89 | 169.24 | 181.13 | OK | |
r-release-linux-x86_64 | 0.8.0 | 7.90 | 168.94 | 176.84 | OK | |
r-release-macos-arm64 | 0.8.0 | 62.00 | OK | |||
r-release-macos-x86_64 | 0.8.0 | 125.00 | OK | |||
r-release-windows-x86_64 | 0.8.0 | 15.00 | 162.00 | 177.00 | OK | |
r-oldrel-macos-arm64 | 0.8.0 | 59.00 | OK | |||
r-oldrel-macos-x86_64 | 0.8.0 | 87.00 | OK | |||
r-oldrel-windows-x86_64 | 0.8.0 | 14.00 | 157.00 | 171.00 | OK |
Version: 0.8.0
Check: data for non-ASCII characters
Result: NOTE
Note: found 13138 marked UTF-8 strings
Flavors: r-devel-linux-x86_64-fedora-clang, r-devel-linux-x86_64-fedora-gcc