Last updated on 2025-02-04 16:49:15 CET.
Flavor | Version | Tinstall | Tcheck | Ttotal | Status | Flags |
---|---|---|---|---|---|---|
r-devel-linux-x86_64-debian-clang | 0.0.1 | 4.44 | 27.76 | 32.20 | OK | |
r-devel-linux-x86_64-debian-gcc | 0.0.1 | 3.31 | 21.47 | 24.78 | OK | |
r-devel-linux-x86_64-fedora-clang | 0.0.1 | 53.12 | NOTE | |||
r-devel-linux-x86_64-fedora-gcc | 0.0.1 | 91.00 | NOTE | |||
r-devel-windows-x86_64 | 0.0.1 | 12.00 | 55.00 | 67.00 | OK | |
r-patched-linux-x86_64 | 0.0.1 | 4.75 | 26.39 | 31.14 | OK | |
r-release-linux-x86_64 | 0.0.1 | 4.54 | 26.63 | 31.17 | OK | |
r-release-macos-arm64 | 0.0.1 | 33.00 | OK | |||
r-release-macos-x86_64 | 0.0.1 | 65.00 | OK | |||
r-release-windows-x86_64 | 0.0.1 | 12.00 | 55.00 | 67.00 | OK | |
r-oldrel-macos-arm64 | 0.0.1 | 36.00 | OK | |||
r-oldrel-macos-x86_64 | 0.0.1 | 52.00 | OK | |||
r-oldrel-windows-x86_64 | 0.0.1 | 14.00 | 58.00 | 72.00 | OK |
Version: 0.0.1
Check: dependencies in R code
Result: NOTE
Namespace in Imports field not imported from: ‘dplyr’
All declared Imports should be used.
Flavors: r-devel-linux-x86_64-fedora-clang, r-devel-linux-x86_64-fedora-gcc