CRAN Package Check Results for Package mapchina

Last updated on 2024-06-13 12:49:47 CEST.

Flavor Version Tinstall Tcheck Ttotal Status Flags
r-devel-linux-x86_64-debian-clang 0.1.0 5.66 43.46 49.12 OK
r-devel-linux-x86_64-debian-gcc 0.1.0 4.32 32.96 37.28 NOTE
r-devel-linux-x86_64-fedora-clang 0.1.0 59.35 NOTE
r-devel-linux-x86_64-fedora-gcc 0.1.0 56.06 NOTE
r-devel-windows-x86_64 0.1.0 5.00 50.00 55.00 OK
r-patched-linux-x86_64 0.1.0 5.87 40.59 46.46 OK
r-release-linux-x86_64 0.1.0 4.91 41.64 46.55 OK
r-release-macos-arm64 0.1.0 22.00 OK
r-release-macos-x86_64 0.1.0 31.00 OK
r-release-windows-x86_64 0.1.0 6.00 51.00 57.00 OK
r-oldrel-macos-arm64 0.1.0 27.00 OK
r-oldrel-macos-x86_64 0.1.0 39.00 OK
r-oldrel-windows-x86_64 0.1.0 7.00 59.00 66.00 OK

Check Details

Version: 0.1.0
Check: package dependencies
Result: NOTE Packages suggested but not available for checking: 'dplyr', 'ggplot2' Flavor: r-devel-linux-x86_64-debian-gcc

Version: 0.1.0
Check: data for non-ASCII characters
Result: NOTE Note: found 11396 marked UTF-8 strings Flavors: r-devel-linux-x86_64-fedora-clang, r-devel-linux-x86_64-fedora-gcc