Last updated on 2023-12-04 22:57:45 CET.
Flavor | Version | Tinstall | Tcheck | Ttotal | Status | Flags |
---|---|---|---|---|---|---|
r-devel-linux-x86_64-debian-clang | 0.3.4 | 329.71 | 66.76 | 396.47 | NOTE | |
r-devel-linux-x86_64-debian-gcc | 0.3.4 | 257.35 | 51.12 | 308.47 | NOTE | |
r-devel-linux-x86_64-fedora-clang | 0.3.4 | 500.84 | NOTE | |||
r-devel-linux-x86_64-fedora-gcc | 0.3.4 | 648.17 | NOTE | |||
r-devel-windows-x86_64 | 0.3.4 | 232.00 | 119.00 | 351.00 | NOTE | |
r-patched-linux-x86_64 | 0.3.4 | 224.81 | 64.37 | 289.18 | NOTE | |
r-release-linux-x86_64 | 0.3.4 | 226.52 | 64.27 | 290.79 | NOTE | |
r-release-macos-arm64 | 0.3.4 | 162.00 | NOTE | |||
r-release-macos-x86_64 | 0.3.4 | 229.00 | NOTE | |||
r-release-windows-x86_64 | 0.3.4 | 305.00 | 130.00 | 435.00 | NOTE | |
r-oldrel-macos-arm64 | 0.3.4 | 123.00 | NOTE | |||
r-oldrel-macos-x86_64 | 0.3.4 | 205.00 | NOTE | |||
r-oldrel-windows-x86_64 | 0.3.4 | 284.00 | 119.00 | 403.00 | NOTE |
Version: 0.3.4
Check: C++ specification
Result: NOTE
Specified C++11: please drop specification unless essential
Flavors: r-devel-linux-x86_64-debian-clang, r-devel-linux-x86_64-debian-gcc, r-devel-linux-x86_64-fedora-clang, r-devel-linux-x86_64-fedora-gcc, r-devel-windows-x86_64, r-patched-linux-x86_64, r-release-linux-x86_64, r-release-macos-arm64, r-release-macos-x86_64, r-release-windows-x86_64
Version: 0.3.4
Check: Rd files
Result: NOTE
checkRd: (-1) add_terrain.Rd:27: Lost braces; missing escapes or markup?
27 | is a URL template, i.e. a string containing '{x}' and '{y}', it loads terrain tiles on demand
| ^
checkRd: (-1) add_terrain.Rd:27: Lost braces; missing escapes or markup?
27 | is a URL template, i.e. a string containing '{x}' and '{y}', it loads terrain tiles on demand
| ^
Flavors: r-devel-linux-x86_64-debian-clang, r-devel-linux-x86_64-debian-gcc
Version: 0.3.4
Check: installed package size
Result: NOTE
installed size is 8.1Mb
sub-directories of 1Mb or more:
data 1.2Mb
doc 1.6Mb
htmlwidgets 2.3Mb
libs 2.6Mb
Flavors: r-devel-linux-x86_64-fedora-clang, r-devel-windows-x86_64, r-release-macos-arm64, r-release-macos-x86_64, r-release-windows-x86_64, r-oldrel-macos-arm64, r-oldrel-macos-x86_64, r-oldrel-windows-x86_64