Last updated on 2025-04-30 06:51:22 CEST.
Flavor | Version | Tinstall | Tcheck | Ttotal | Status | Flags |
---|---|---|---|---|---|---|
r-devel-linux-x86_64-debian-clang | 1.0.1 | 15.02 | 46.33 | 61.35 | OK | |
r-devel-linux-x86_64-debian-gcc | 1.0.1 | 13.16 | 34.72 | 47.88 | OK | |
r-devel-linux-x86_64-fedora-clang | 1.0.1 | 95.26 | OK | |||
r-devel-linux-x86_64-fedora-gcc | 1.0.1 | 92.35 | OK | |||
r-devel-windows-x86_64 | 1.0.1 | 18.00 | 65.00 | 83.00 | OK | |
r-patched-linux-x86_64 | 1.0.1 | 14.79 | 42.25 | 57.04 | OK | |
r-release-linux-x86_64 | 1.0.1 | 15.07 | 41.72 | 56.79 | OK | |
r-release-macos-arm64 | 1.0.1 | 37.00 | OK | |||
r-release-macos-x86_64 | 1.0.1 | 62.00 | OK | |||
r-release-windows-x86_64 | 1.0.1 | 18.00 | 70.00 | 88.00 | OK | |
r-oldrel-macos-arm64 | 1.0.1 | 42.00 | NOTE | |||
r-oldrel-macos-x86_64 | 1.0.1 | 57.00 | NOTE | |||
r-oldrel-windows-x86_64 | 1.0.1 | 19.00 | 72.00 | 91.00 | NOTE |
Version: 1.0.1
Check: installed package size
Result: NOTE
installed size is 8.5Mb
sub-directories of 1Mb or more:
R 8.4Mb
Flavors: r-oldrel-macos-arm64, r-oldrel-macos-x86_64, r-oldrel-windows-x86_64