Last updated on 2025-04-29 10:50:40 CEST.
Flavor | Version | Tinstall | Tcheck | Ttotal | Status | Flags |
---|---|---|---|---|---|---|
r-devel-linux-x86_64-debian-clang | 0.2.2 | 3.37 | 24.10 | 27.47 | NOTE | |
r-devel-linux-x86_64-debian-gcc | 0.2.2 | 2.49 | 18.62 | 21.11 | OK | |
r-devel-linux-x86_64-fedora-clang | 0.2.2 | 41.40 | OK | |||
r-devel-linux-x86_64-fedora-gcc | 0.2.2 | 40.06 | OK | |||
r-devel-windows-x86_64 | 0.2.2 | 4.00 | 48.00 | 52.00 | OK | |
r-patched-linux-x86_64 | 0.2.2 | 3.37 | 22.82 | 26.19 | OK | |
r-release-linux-x86_64 | 0.2.2 | 3.04 | 22.92 | 25.96 | OK | |
r-release-macos-arm64 | 0.2.2 | 40.00 | OK | |||
r-release-macos-x86_64 | 0.2.2 | 56.00 | OK | |||
r-release-windows-x86_64 | 0.2.2 | 5.00 | 59.00 | 64.00 | OK | |
r-oldrel-macos-arm64 | 0.2.2 | 39.00 | OK | |||
r-oldrel-macos-x86_64 | 0.2.2 | 52.00 | OK | |||
r-oldrel-windows-x86_64 | 0.2.2 | 4.00 | 53.00 | 57.00 | OK |
Version: 0.2.2
Check: examples
Result: NOTE
Examples with CPU (user + system) or elapsed time > 5s
user system elapsed
mkMapFinland 2.957 0.149 5.948
Flavor: r-devel-linux-x86_64-debian-clang