Last updated on 2023-10-04 07:03:08 CEST.
Flavor | Version | Tinstall | Tcheck | Ttotal | Status | Flags |
---|---|---|---|---|---|---|
r-devel-linux-x86_64-debian-clang | 2.11.0 | 45.33 | 404.12 | 449.45 | OK | |
r-devel-linux-x86_64-debian-gcc | 2.11.0 | 38.25 | 299.70 | 337.95 | OK | |
r-devel-linux-x86_64-fedora-clang | 2.11.0 | 545.80 | NOTE | |||
r-devel-linux-x86_64-fedora-gcc | 2.11.0 | 537.26 | NOTE | |||
r-devel-windows-x86_64 | 2.11.0 | 31.00 | 257.00 | 288.00 | OK | |
r-patched-linux-x86_64 | 2.11.0 | 36.21 | 396.68 | 432.89 | OK | |
r-release-linux-x86_64 | 2.11.0 | 27.65 | 398.40 | 426.05 | OK | |
r-release-macos-arm64 | 2.11.0 | 141.00 | OK | |||
r-release-macos-x86_64 | 2.11.0 | 235.00 | OK | |||
r-release-windows-x86_64 | 2.11.0 | 47.00 | 355.00 | 402.00 | OK | |
r-oldrel-macos-arm64 | 2.11.0 | 93.00 | NOTE | |||
r-oldrel-macos-x86_64 | 2.11.0 | 153.00 | NOTE | |||
r-oldrel-windows-x86_64 | 2.11.0 | 49.00 | 328.00 | 377.00 | OK |
Version: 2.11.0
Check: data for non-ASCII characters
Result: NOTE
Note: found 1 marked UTF-8 string
Flavors: r-devel-linux-x86_64-fedora-clang, r-devel-linux-x86_64-fedora-gcc, r-oldrel-macos-arm64, r-oldrel-macos-x86_64