Last updated on 2025-04-30 19:50:06 CEST.
Flavor | Version | Tinstall | Tcheck | Ttotal | Status | Flags |
---|---|---|---|---|---|---|
r-devel-linux-x86_64-debian-clang | 0.25.1 | 25.38 | 95.79 | 121.17 | NOTE | |
r-devel-linux-x86_64-debian-gcc | 0.25.1 | 17.05 | 64.55 | 81.60 | OK | |
r-devel-linux-x86_64-fedora-clang | 0.25.1 | 215.56 | OK | |||
r-devel-linux-x86_64-fedora-gcc | 0.25.1 | 210.25 | OK | |||
r-devel-windows-x86_64 | 0.25.1 | 30.00 | 114.00 | 144.00 | OK | |
r-patched-linux-x86_64 | 0.25.1 | 27.84 | 88.14 | 115.98 | OK | |
r-release-linux-x86_64 | 0.25.1 | 23.33 | 89.68 | 113.01 | OK | |
r-release-macos-arm64 | 0.25.1 | 70.00 | OK | |||
r-release-macos-x86_64 | 0.25.1 | 144.00 | OK | |||
r-release-windows-x86_64 | 0.25.1 | 31.00 | 133.00 | 164.00 | OK | |
r-oldrel-macos-arm64 | 0.25.1 | 58.00 | OK | |||
r-oldrel-macos-x86_64 | 0.25.1 | 104.00 | OK | |||
r-oldrel-windows-x86_64 | 0.25.1 | 34.00 | 144.00 | 178.00 | OK |
Version: 0.25.1
Check: examples
Result: NOTE
Examples with CPU (user + system) or elapsed time > 5s
user system elapsed
hypotheses 6.344 0.311 7.222
Flavor: r-devel-linux-x86_64-debian-clang
Version: 0.25.1
Check: examples
Result: NA
user system elapsed
hypotheses 4.005 0.198 5.674
OK
Flavor: r-devel-linux-x86_64-debian-gcc