Last updated on 2024-08-31 22:49:43 CEST.
Flavor | Version | Tinstall | Tcheck | Ttotal | Status | Flags |
---|---|---|---|---|---|---|
r-devel-linux-x86_64-debian-clang | 0.4.1 | 6.92 | 166.23 | 173.15 | OK | |
r-devel-linux-x86_64-debian-gcc | 0.4.1 | 5.92 | 108.62 | 114.54 | OK | |
r-devel-linux-x86_64-fedora-clang | 0.4.1 | 272.80 | NOTE | |||
r-devel-linux-x86_64-fedora-gcc | 0.4.1 | 268.13 | NOTE | |||
r-devel-windows-x86_64 | 0.4.1 | 10.00 | 184.00 | 194.00 | OK | |
r-patched-linux-x86_64 | 0.4.1 | 7.11 | 156.42 | 163.53 | OK | |
r-release-linux-x86_64 | 0.4.1 | 6.48 | 155.21 | 161.69 | OK | |
r-release-macos-arm64 | 0.4.1 | 94.00 | OK | |||
r-release-macos-x86_64 | 0.4.1 | 161.00 | OK | |||
r-release-windows-x86_64 | 0.4.1 | 9.00 | 190.00 | 199.00 | OK | |
r-oldrel-macos-arm64 | 0.4.1 | 80.00 | OK | |||
r-oldrel-macos-x86_64 | 0.4.1 | 182.00 | OK | |||
r-oldrel-windows-x86_64 | 0.4.1 | 11.00 | 226.00 | 237.00 | OK |
Version: 0.4.1
Check: data for non-ASCII characters
Result: NOTE
Note: found 1 marked UTF-8 string
Flavors: r-devel-linux-x86_64-fedora-clang, r-devel-linux-x86_64-fedora-gcc