Last updated on 2023-12-07 00:11:52 CET.
Flavor | Version | Tinstall | Tcheck | Ttotal | Status | Flags |
---|---|---|---|---|---|---|
r-devel-linux-x86_64-debian-clang | 0.14.1 | 20.09 | 333.41 | 353.50 | OK | |
r-devel-linux-x86_64-debian-gcc | 0.14.1 | 13.97 | 245.27 | 259.24 | OK | |
r-devel-linux-x86_64-fedora-clang | 0.14.1 | 449.12 | NOTE | |||
r-devel-linux-x86_64-fedora-gcc | 0.14.1 | 453.49 | OK | |||
r-devel-windows-x86_64 | 0.14.1 | 17.00 | 267.00 | 284.00 | OK | |
r-patched-linux-x86_64 | 0.14.1 | 26.24 | 317.20 | 343.44 | OK | |
r-release-linux-x86_64 | 0.14.1 | 15.33 | 317.35 | 332.68 | OK | |
r-release-macos-arm64 | 0.14.1 | 135.00 | OK | |||
r-release-macos-x86_64 | 0.14.1 | 281.00 | OK | |||
r-release-windows-x86_64 | 0.14.1 | 20.00 | 340.00 | 360.00 | OK | |
r-oldrel-macos-arm64 | 0.14.1 | 138.00 | OK | |||
r-oldrel-macos-x86_64 | 0.14.0 | 158.00 | OK | |||
r-oldrel-windows-x86_64 | 0.14.1 | 22.00 | 332.00 | 354.00 | OK |
Version: 0.14.1
Check: Rd cross-references
Result: NOTE
Undeclared package ‘rlang’ in Rd xrefs
Flavor: r-devel-linux-x86_64-fedora-clang