Last updated on 2025-04-29 15:50:18 CEST.
Flavor | Version | Tinstall | Tcheck | Ttotal | Status | Flags |
---|---|---|---|---|---|---|
r-devel-linux-x86_64-debian-clang | 0.1.3 | 4.94 | 265.69 | 270.63 | NOTE | |
r-devel-linux-x86_64-debian-gcc | 0.1.3 | 2.99 | 157.89 | 160.88 | NOTE | |
r-devel-linux-x86_64-fedora-clang | 0.1.3 | 426.45 | OK | |||
r-devel-linux-x86_64-fedora-gcc | 0.1.3 | 425.82 | OK | |||
r-devel-windows-x86_64 | 0.1.3 | 5.00 | 276.00 | 281.00 | OK | |
r-patched-linux-x86_64 | 0.1.3 | 5.65 | 248.77 | 254.42 | OK | |
r-release-linux-x86_64 | 0.1.3 | 4.99 | 249.29 | 254.28 | OK | |
r-release-macos-arm64 | 0.1.3 | 113.00 | OK | |||
r-release-macos-x86_64 | 0.1.3 | 254.00 | OK | |||
r-release-windows-x86_64 | 0.1.3 | 7.00 | 268.00 | 275.00 | OK | |
r-oldrel-macos-arm64 | 0.1.3 | 122.00 | OK | |||
r-oldrel-macos-x86_64 | 0.1.3 | 285.00 | OK | |||
r-oldrel-windows-x86_64 | 0.1.3 | 7.00 | 372.00 | 379.00 | OK |
Version: 0.1.3
Check: examples
Result: NOTE
Examples with CPU (user + system) or elapsed time > 5s
user system elapsed
extend_ae_specific_inference 11.380 0.055 16.476
format_ae_specific 3.611 0.000 5.183
Flavor: r-devel-linux-x86_64-debian-clang
Version: 0.1.3
Check: examples
Result: NOTE
Examples with CPU (user + system) or elapsed time > 5s
user system elapsed
extend_ae_specific_inference 5.916 0.1 8.757
Flavor: r-devel-linux-x86_64-debian-gcc