Last updated on 2024-08-31 22:49:43 CEST.
Flavor | Version | Tinstall | Tcheck | Ttotal | Status | Flags |
---|---|---|---|---|---|---|
r-devel-linux-x86_64-debian-clang | 0.2.2 | 6.81 | 73.29 | 80.10 | NOTE | |
r-devel-linux-x86_64-debian-gcc | 0.2.2 | 4.38 | 53.35 | 57.73 | NOTE | |
r-devel-linux-x86_64-fedora-clang | 0.2.2 | 128.74 | NOTE | |||
r-devel-linux-x86_64-fedora-gcc | 0.2.2 | 133.92 | NOTE | |||
r-devel-windows-x86_64 | 0.2.2 | 8.00 | 95.00 | 103.00 | NOTE | |
r-patched-linux-x86_64 | 0.2.2 | 5.35 | 69.70 | 75.05 | NOTE | |
r-release-linux-x86_64 | 0.2.2 | 5.78 | 69.85 | 75.63 | NOTE | |
r-release-macos-arm64 | 0.2.2 | 39.00 | NOTE | |||
r-release-macos-x86_64 | 0.2.2 | 65.00 | NOTE | |||
r-release-windows-x86_64 | 0.2.2 | 8.00 | 99.00 | 107.00 | NOTE | |
r-oldrel-macos-arm64 | 0.2.2 | 47.00 | NOTE | |||
r-oldrel-macos-x86_64 | 0.2.2 | 66.00 | NOTE | |||
r-oldrel-windows-x86_64 | 0.2.2 | 9.00 | 85.00 | 94.00 | NOTE |
Version: 0.2.2
Check: LazyData
Result: NOTE
'LazyData' is specified without a 'data' directory
Flavors: r-devel-linux-x86_64-debian-clang, r-devel-linux-x86_64-debian-gcc, r-devel-linux-x86_64-fedora-clang, r-devel-linux-x86_64-fedora-gcc, r-devel-windows-x86_64, r-patched-linux-x86_64, r-release-linux-x86_64, r-release-macos-arm64, r-release-macos-x86_64, r-release-windows-x86_64, r-oldrel-macos-arm64, r-oldrel-macos-x86_64, r-oldrel-windows-x86_64