Last updated on 2025-02-04 16:49:17 CET.
Flavor | Version | Tinstall | Tcheck | Ttotal | Status | Flags |
---|---|---|---|---|---|---|
r-devel-linux-x86_64-debian-clang | 1.1 | 25.45 | 123.98 | 149.43 | NOTE | |
r-devel-linux-x86_64-debian-gcc | 1.1 | 16.81 | 86.70 | 103.51 | NOTE | |
r-devel-linux-x86_64-fedora-clang | 1.1 | 244.52 | NOTE | |||
r-devel-linux-x86_64-fedora-gcc | 1.1 | 260.12 | NOTE | |||
r-devel-windows-x86_64 | 1.1 | 25.00 | 133.00 | 158.00 | NOTE | |
r-patched-linux-x86_64 | 1.1 | 29.22 | 114.07 | 143.29 | NOTE | |
r-release-linux-x86_64 | 1.1 | 22.45 | 114.95 | 137.40 | NOTE | |
r-release-macos-arm64 | 1.1 | 85.00 | NOTE | |||
r-release-macos-x86_64 | 1.1 | 128.00 | NOTE | |||
r-release-windows-x86_64 | 1.1 | 24.00 | 134.00 | 158.00 | NOTE | |
r-oldrel-macos-arm64 | 1.1 | 95.00 | OK | |||
r-oldrel-macos-x86_64 | 1.1 | 150.00 | OK | |||
r-oldrel-windows-x86_64 | 1.1 | 31.00 | 165.00 | 196.00 | OK |
Version: 1.1
Check: Rd files
Result: NOTE
checkRd: (-1) rdata.frame.Rd:132: Lost braces in \enumerate; \value handles \item{}{} directly
checkRd: (-1) rdata.frame.Rd:133-134: Lost braces in \enumerate; \value handles \item{}{} directly
checkRd: (-1) rdata.frame.Rd:135-137: Lost braces in \enumerate; \value handles \item{}{} directly
checkRd: (-1) rdata.frame.Rd:138-139: Lost braces in \enumerate; \value handles \item{}{} directly
checkRd: (-1) rdata.frame.Rd:144: Lost braces in \enumerate; \value handles \item{}{} directly
checkRd: (-1) rdata.frame.Rd:145-147: Lost braces in \enumerate; \value handles \item{}{} directly
checkRd: (-1) rdata.frame.Rd:148-150: Lost braces in \enumerate; \value handles \item{}{} directly
Flavors: r-devel-linux-x86_64-debian-clang, r-devel-linux-x86_64-debian-gcc, r-devel-linux-x86_64-fedora-clang, r-devel-linux-x86_64-fedora-gcc, r-devel-windows-x86_64, r-patched-linux-x86_64, r-release-linux-x86_64, r-release-macos-arm64, r-release-macos-x86_64, r-release-windows-x86_64
Version: 1.1
Check: Rd cross-references
Result: NOTE
Found the following Rd file(s) with Rd \link{} targets missing package
anchors:
02missing_data.frame.Rd: bayesglm
get_parameters.Rd: polr
mi2stata.Rd: write.dta
Please provide package anchors for all Rd \link{} targets not in the
package itself and the base packages.
Flavors: r-devel-linux-x86_64-debian-clang, r-devel-linux-x86_64-debian-gcc, r-devel-windows-x86_64