Last updated on 2023-12-07 02:51:20 CET.
Flavor | Version | Tinstall | Tcheck | Ttotal | Status | Flags |
---|---|---|---|---|---|---|
r-devel-linux-x86_64-debian-clang | 3.16-18 | 177.53 | 223.46 | 400.99 | WARN | |
r-devel-linux-x86_64-debian-gcc | 3.16-18 | 118.74 | 160.52 | 279.26 | NOTE | |
r-devel-linux-x86_64-fedora-clang | 3.16-18 | 534.96 | WARN | |||
r-devel-linux-x86_64-fedora-gcc | 3.16-18 | 518.54 | NOTE | |||
r-devel-windows-x86_64 | 3.16-18 | 142.00 | 220.00 | 362.00 | NOTE | |
r-patched-linux-x86_64 | 3.16-18 | 145.76 | 209.92 | 355.68 | NOTE | |
r-release-linux-x86_64 | 3.16-18 | 124.31 | 207.09 | 331.40 | NOTE | |
r-release-macos-arm64 | 3.16-18 | 109.00 | NOTE | |||
r-release-macos-x86_64 | 3.16-18 | 203.00 | NOTE | |||
r-release-windows-x86_64 | 3.16-18 | 172.00 | 275.00 | 447.00 | NOTE | |
r-oldrel-macos-arm64 | 3.16-18 | 100.00 | NOTE | |||
r-oldrel-macos-x86_64 | 3.16-18 | 130.00 | NOTE | |||
r-oldrel-windows-x86_64 | 3.16-18 | 161.00 | 253.00 | 414.00 | OK |
Version: 3.16-18
Check: whether package can be installed
Result: WARN
Found the following significant warnings:
RcppExports.cpp:120:18: warning: format string is not a string literal (potentially insecure) [-Wformat-security]
RcppExports.cpp:155:18: warning: format string is not a string literal (potentially insecure) [-Wformat-security]
RcppExports.cpp:191:18: warning: format string is not a string literal (potentially insecure) [-Wformat-security]
RcppExports.cpp:227:18: warning: format string is not a string literal (potentially insecure) [-Wformat-security]
RcppExports.cpp:263:18: warning: format string is not a string literal (potentially insecure) [-Wformat-security]
RcppExports.cpp:300:18: warning: format string is not a string literal (potentially insecure) [-Wformat-security]
RcppExports.cpp:337:18: warning: format string is not a string literal (potentially insecure) [-Wformat-security]
RcppExports.cpp:371:18: warning: format string is not a string literal (potentially insecure) [-Wformat-security]
RcppExports.cpp:407:18: warning: format string is not a string literal (potentially insecure) [-Wformat-security]
RcppExports.cpp:443:18: warning: format string is not a string literal (potentially insecure) [-Wformat-security]
RcppExports.cpp:482:18: warning: format string is not a string literal (potentially insecure) [-Wformat-security]
RcppExports.cpp:516:18: warning: format string is not a string literal (potentially insecure) [-Wformat-security]
RcppExports.cpp:552:18: warning: format string is not a string literal (potentially insecure) [-Wformat-security]
RcppExports.cpp:587:18: warning: format string is not a string literal (potentially insecure) [-Wformat-security]
RcppExports.cpp:623:18: warning: format string is not a string literal (potentially insecure) [-Wformat-security]
RcppExports.cpp:659:18: warning: format string is not a string literal (potentially insecure) [-Wformat-security]
RcppExports.cpp:697:18: warning: format string is not a string literal (potentially insecure) [-Wformat-security]
RcppExports.cpp:736:18: warning: format string is not a string literal (potentially insecure) [-Wformat-security]
RcppExports.cpp:774:18: warning: format string is not a string literal (potentially insecure) [-Wformat-security]
RcppExports.cpp:817:18: warning: format string is not a string literal (potentially insecure) [-Wformat-security]
RcppExports.cpp:863:18: warning: format string is not a string literal (potentially insecure) [-Wformat-security]
RcppExports.cpp:897:18: warning: format string is not a string literal (potentially insecure) [-Wformat-security]
RcppExports.cpp:934:18: warning: format string is not a string literal (potentially insecure) [-Wformat-security]
RcppExports.cpp:972:18: warning: format string is not a string literal (potentially insecure) [-Wformat-security]
RcppExports.cpp:1010:18: warning: format string is not a string literal (potentially insecure) [-Wformat-security]
RcppExports.cpp:1047:18: warning: format string is not a string literal (potentially insecure) [-Wformat-security]
RcppExports.cpp:1091:18: warning: format string is not a string literal (potentially insecure) [-Wformat-security]
RcppExports.cpp:1134:18: warning: format string is not a string literal (potentially insecure) [-Wformat-security]
RcppExports.cpp:1169:18: warning: format string is not a string literal (potentially insecure) [-Wformat-security]
RcppExports.cpp:1204:18: warning: format string is not a string literal (potentially insecure) [-Wformat-security]
RcppExports.cpp:1241:18: warning: format string is not a string literal (potentially insecure) [-Wformat-security]
RcppExports.cpp:1278:18: warning: format string is not a string literal (potentially insecure) [-Wformat-security]
RcppExports.cpp:1313:18: warning: format string is not a string literal (potentially insecure) [-Wformat-security]
RcppExports.cpp:1356:18: warning: format string is not a string literal (potentially insecure) [-Wformat-security]
See ‘/home/hornik/tmp/R.check/r-devel-clang/Work/PKGS/miceadds.Rcheck/00install.out’ for details.
* used C++ compiler: ‘Debian clang version 17.0.5 (1)’
Flavor: r-devel-linux-x86_64-debian-clang
Version: 3.16-18
Check: Rd \usage sections
Result: NOTE
S3 methods shown with full name in Rd file 'complete.miceadds.Rd':
‘complete.mids.nmi’ ‘complete.mids.1chain’
The \usage entries for S3 methods should use the \method markup and not
their full name.
See chapter ‘Writing R documentation files’ in the ‘Writing R
Extensions’ manual.
Flavors: r-devel-linux-x86_64-debian-clang, r-devel-linux-x86_64-debian-gcc, r-devel-linux-x86_64-fedora-clang, r-devel-linux-x86_64-fedora-gcc, r-devel-windows-x86_64
Version: 3.16-18
Check: whether package can be installed
Result: WARN
Found the following significant warnings:
RcppExports.cpp:120:18: warning: format string is not a string literal (potentially insecure) [-Wformat-security]
RcppExports.cpp:155:18: warning: format string is not a string literal (potentially insecure) [-Wformat-security]
RcppExports.cpp:191:18: warning: format string is not a string literal (potentially insecure) [-Wformat-security]
RcppExports.cpp:227:18: warning: format string is not a string literal (potentially insecure) [-Wformat-security]
RcppExports.cpp:263:18: warning: format string is not a string literal (potentially insecure) [-Wformat-security]
RcppExports.cpp:300:18: warning: format string is not a string literal (potentially insecure) [-Wformat-security]
RcppExports.cpp:337:18: warning: format string is not a string literal (potentially insecure) [-Wformat-security]
RcppExports.cpp:371:18: warning: format string is not a string literal (potentially insecure) [-Wformat-security]
RcppExports.cpp:407:18: warning: format string is not a string literal (potentially insecure) [-Wformat-security]
RcppExports.cpp:443:18: warning: format string is not a string literal (potentially insecure) [-Wformat-security]
RcppExports.cpp:482:18: warning: format string is not a string literal (potentially insecure) [-Wformat-security]
RcppExports.cpp:516:18: warning: format string is not a string literal (potentially insecure) [-Wformat-security]
RcppExports.cpp:552:18: warning: format string is not a string literal (potentially insecure) [-Wformat-security]
RcppExports.cpp:587:18: warning: format string is not a string literal (potentially insecure) [-Wformat-security]
RcppExports.cpp:623:18: warning: format string is not a string literal (potentially insecure) [-Wformat-security]
RcppExports.cpp:659:18: warning: format string is not a string literal (potentially insecure) [-Wformat-security]
RcppExports.cpp:697:18: warning: format string is not a string literal (potentially insecure) [-Wformat-security]
RcppExports.cpp:736:18: warning: format string is not a string literal (potentially insecure) [-Wformat-security]
RcppExports.cpp:774:18: warning: format string is not a string literal (potentially insecure) [-Wformat-security]
RcppExports.cpp:817:18: warning: format string is not a string literal (potentially insecure) [-Wformat-security]
RcppExports.cpp:863:18: warning: format string is not a string literal (potentially insecure) [-Wformat-security]
RcppExports.cpp:897:18: warning: format string is not a string literal (potentially insecure) [-Wformat-security]
RcppExports.cpp:934:18: warning: format string is not a string literal (potentially insecure) [-Wformat-security]
RcppExports.cpp:972:18: warning: format string is not a string literal (potentially insecure) [-Wformat-security]
RcppExports.cpp:1010:18: warning: format string is not a string literal (potentially insecure) [-Wformat-security]
RcppExports.cpp:1047:18: warning: format string is not a string literal (potentially insecure) [-Wformat-security]
RcppExports.cpp:1091:18: warning: format string is not a string literal (potentially insecure) [-Wformat-security]
RcppExports.cpp:1134:18: warning: format string is not a string literal (potentially insecure) [-Wformat-security]
RcppExports.cpp:1169:18: warning: format string is not a string literal (potentially insecure) [-Wformat-security]
RcppExports.cpp:1204:18: warning: format string is not a string literal (potentially insecure) [-Wformat-security]
RcppExports.cpp:1241:18: warning: format string is not a string literal (potentially insecure) [-Wformat-security]
RcppExports.cpp:1278:18: warning: format string is not a string literal (potentially insecure) [-Wformat-security]
RcppExports.cpp:1313:18: warning: format string is not a string literal (potentially insecure) [-Wformat-security]
RcppExports.cpp:1356:18: warning: format string is not a string literal (potentially insecure) [-Wformat-security]
See ‘/data/gannet/ripley/R/packages/tests-clang/miceadds.Rcheck/00install.out’ for details.
* used C++ compiler: ‘clang version 17.0.5’
Flavor: r-devel-linux-x86_64-fedora-clang
Version: 3.16-18
Check: Rd \usage sections
Result: NOTE
S3 methods shown with full name in documentation object 'complete.miceadds':
‘complete.mids.nmi’ ‘complete.mids.1chain’
The \usage entries for S3 methods should use the \method markup and not
their full name.
See chapter ‘Writing R documentation files’ in the ‘Writing R
Extensions’ manual.
Flavors: r-patched-linux-x86_64, r-release-linux-x86_64, r-release-macos-arm64, r-release-macos-x86_64, r-release-windows-x86_64
Version: 3.16-18
Check: installed package size
Result: NOTE
installed size is 7.6Mb
sub-directories of 1Mb or more:
libs 6.0Mb
Flavors: r-release-macos-arm64, r-release-macos-x86_64, r-oldrel-macos-arm64, r-oldrel-macos-x86_64