Last updated on 2024-07-27 16:49:12 CEST.
Flavor | Version | Tinstall | Tcheck | Ttotal | Status | Flags |
---|---|---|---|---|---|---|
r-devel-linux-x86_64-debian-clang | 1.6 | 7.68 | 1159.67 | 1167.35 | OK | |
r-devel-linux-x86_64-debian-gcc | 1.6 | OK | ||||
r-devel-linux-x86_64-fedora-clang | 1.6 | 982.56 | NOTE | |||
r-devel-linux-x86_64-fedora-gcc | 1.6 | 1290.38 | NOTE | |||
r-devel-windows-x86_64 | 1.6 | 13.00 | 591.00 | 604.00 | OK | |
r-patched-linux-x86_64 | 1.6 | OK | ||||
r-release-linux-x86_64 | 1.6 | 4.75 | 1108.39 | 1113.14 | OK | |
r-release-macos-arm64 | 1.6 | 269.00 | OK | |||
r-release-macos-x86_64 | 1.6 | 559.00 | OK | |||
r-release-windows-x86_64 | 1.6 | 9.00 | 587.00 | 596.00 | OK | |
r-oldrel-macos-arm64 | 1.6 | 298.00 | OK | |||
r-oldrel-macos-x86_64 | 1.6 | 572.00 | OK | |||
r-oldrel-windows-x86_64 | 1.6 | 14.00 | 850.00 | 864.00 | OK |
Version: 1.6
Check: dependencies in R code
Result: NOTE
Namespace in Imports field not imported from: ‘testthat’
All declared Imports should be used.
Flavors: r-devel-linux-x86_64-fedora-clang, r-devel-linux-x86_64-fedora-gcc