Last updated on 2025-04-29 15:50:18 CEST.
Flavor | Version | Tinstall | Tcheck | Ttotal | Status | Flags |
---|---|---|---|---|---|---|
r-devel-linux-x86_64-debian-clang | 1.0.1 | 2.20 | 32.15 | 34.35 | NOTE | |
r-devel-linux-x86_64-debian-gcc | 1.0.1 | 1.55 | 25.06 | 26.61 | OK | |
r-devel-linux-x86_64-fedora-clang | 1.0.1 | 55.83 | NOTE | |||
r-devel-linux-x86_64-fedora-gcc | 1.0.1 | 69.63 | NOTE | |||
r-devel-windows-x86_64 | 1.0.1 | 4.00 | 72.00 | 76.00 | OK | |
r-patched-linux-x86_64 | 1.0.1 | 2.11 | 29.63 | 31.74 | OK | |
r-release-linux-x86_64 | 1.0.1 | 2.27 | 29.56 | 31.83 | OK | |
r-release-macos-arm64 | 1.0.1 | 28.00 | OK | |||
r-release-macos-x86_64 | 1.0.1 | 48.00 | OK | |||
r-release-windows-x86_64 | 1.0.1 | 4.00 | 66.00 | 70.00 | OK | |
r-oldrel-macos-arm64 | 1.0.1 | 29.00 | NOTE | |||
r-oldrel-macos-x86_64 | 1.0.1 | 49.00 | NOTE | |||
r-oldrel-windows-x86_64 | 1.0.1 | 6.00 | 72.00 | 78.00 | NOTE |
Version: 1.0.1
Check: examples
Result: NOTE
Examples with CPU (user + system) or elapsed time > 5s
user system elapsed
prepHaplotFiles 4.505 0.323 6.8
Flavor: r-devel-linux-x86_64-debian-clang
Version: 1.0.1
Check: dependencies in R code
Result: NOTE
Namespaces in Imports field not imported from:
‘DT’ ‘ggiraph’ ‘ggplot2’ ‘grid’ ‘gtools’ ‘scales’ ‘shinyBS’
‘shinyWidgets’ ‘tidyr’
All declared Imports should be used.
Flavors: r-devel-linux-x86_64-fedora-clang, r-devel-linux-x86_64-fedora-gcc
Version: 1.0.1
Check: LazyData
Result: NOTE
'LazyData' is specified without a 'data' directory
Flavors: r-oldrel-macos-arm64, r-oldrel-macos-x86_64, r-oldrel-windows-x86_64