Last updated on 2024-08-31 22:49:43 CEST.
Flavor | Version | Tinstall | Tcheck | Ttotal | Status | Flags |
---|---|---|---|---|---|---|
r-devel-linux-x86_64-debian-clang | 1.0.1 | 2.18 | 30.42 | 32.60 | NOTE | |
r-devel-linux-x86_64-debian-gcc | 1.0.1 | 1.72 | 24.07 | 25.79 | NOTE | |
r-devel-linux-x86_64-fedora-clang | 1.0.1 | 55.11 | NOTE | |||
r-devel-linux-x86_64-fedora-gcc | 1.0.1 | 65.82 | NOTE | |||
r-devel-windows-x86_64 | 1.0.1 | 4.00 | 68.00 | 72.00 | NOTE | |
r-patched-linux-x86_64 | 1.0.1 | 2.25 | 29.54 | 31.79 | NOTE | |
r-release-linux-x86_64 | 1.0.1 | 2.14 | 29.76 | 31.90 | NOTE | |
r-release-macos-arm64 | 1.0.1 | 29.00 | NOTE | |||
r-release-macos-x86_64 | 1.0.1 | 49.00 | NOTE | |||
r-release-windows-x86_64 | 1.0.1 | 4.00 | 63.00 | 67.00 | NOTE | |
r-oldrel-macos-arm64 | 1.0.1 | 28.00 | NOTE | |||
r-oldrel-macos-x86_64 | 1.0.1 | 41.00 | NOTE | |||
r-oldrel-windows-x86_64 | 1.0.1 | 5.00 | 70.00 | 75.00 | NOTE |
Version: 1.0.1
Check: LazyData
Result: NOTE
'LazyData' is specified without a 'data' directory
Flavors: r-devel-linux-x86_64-debian-clang, r-devel-linux-x86_64-debian-gcc, r-devel-linux-x86_64-fedora-clang, r-devel-linux-x86_64-fedora-gcc, r-devel-windows-x86_64, r-patched-linux-x86_64, r-release-linux-x86_64, r-release-macos-arm64, r-release-macos-x86_64, r-release-windows-x86_64, r-oldrel-macos-arm64, r-oldrel-macos-x86_64, r-oldrel-windows-x86_64
Version: 1.0.1
Check: dependencies in R code
Result: NOTE
Namespaces in Imports field not imported from:
‘DT’ ‘ggiraph’ ‘ggplot2’ ‘grid’ ‘gtools’ ‘scales’ ‘shinyBS’
‘shinyWidgets’ ‘tidyr’
All declared Imports should be used.
Flavors: r-devel-linux-x86_64-fedora-clang, r-devel-linux-x86_64-fedora-gcc