Last updated on 2024-07-27 16:49:12 CEST.
Flavor | Version | Tinstall | Tcheck | Ttotal | Status | Flags |
---|---|---|---|---|---|---|
r-devel-linux-x86_64-debian-clang | 0.1-1 | 19.12 | 189.85 | 208.97 | OK | |
r-devel-linux-x86_64-debian-gcc | 0.1-1 | OK | ||||
r-devel-linux-x86_64-fedora-clang | 0.1-1 | 270.25 | OK | |||
r-devel-linux-x86_64-fedora-gcc | 0.1-1 | 274.24 | OK | |||
r-devel-windows-x86_64 | 0.1-1 | 19.00 | 177.00 | 196.00 | OK | |
r-patched-linux-x86_64 | 0.1-1 | OK | ||||
r-release-linux-x86_64 | 0.1-1 | 10.01 | 187.48 | 197.49 | OK | |
r-release-macos-arm64 | 0.1-1 | 92.00 | OK | |||
r-release-macos-x86_64 | 0.1-1 | 134.00 | OK | |||
r-release-windows-x86_64 | 0.1-1 | 19.00 | 181.00 | 200.00 | OK | |
r-oldrel-macos-arm64 | 0.1-1 | 81.00 | OK | |||
r-oldrel-macos-x86_64 | 0.1-1 | 187.00 | OK | |||
r-oldrel-windows-x86_64 | 0.1-1 | 24.00 | 215.00 | 239.00 | ERROR |
Version: 0.1-1
Check: re-building of vignette outputs
Result: ERROR
Error(s) in re-building vignettes:
--- re-building 'charitable.Rmd' using rmarkdown
Could not fetch https://polyfill.io/v3/polyfill.min.js?features=es6
HttpExceptionRequest Request {
host = "polyfill.io"
port = 443
secure = True
requestHeaders = []
path = "/v3/polyfill.min.js"
queryString = "?features=es6"
method = "GET"
proxy = Nothing
rawBody = False
redirectCount = 10
responseTimeout = ResponseTimeoutDefault
requestVersion = HTTP/1.1
}
(ConnectionFailure user error (Network.Socket.gai_strerror not supported: 11001))
Error: processing vignette 'charitable.Rmd' failed with diagnostics:
pandoc document conversion failed with error 61
--- failed re-building 'charitable.Rmd'
--- re-building 'escount.Rmd' using rmarkdown
Could not fetch https://polyfill.io/v3/polyfill.min.js?features=es6
HttpExceptionRequest Request {
host = "polyfill.io"
port = 443
secure = True
requestHeaders = []
path = "/v3/polyfill.min.js"
queryString = "?features=es6"
method = "GET"
proxy = Nothing
rawBody = False
redirectCount = 10
responseTimeout = ResponseTimeoutDefault
requestVersion = HTTP/1.1
}
(ConnectionFailure user error (Network.Socket.gai_strerror not supported: 11001))
Error: processing vignette 'escount.Rmd' failed with diagnostics:
pandoc document conversion failed with error 61
--- failed re-building 'escount.Rmd'
--- re-building 'expreg.Rmd' using rmarkdown
Could not fetch https://polyfill.io/v3/polyfill.min.js?features=es6
HttpExceptionRequest Request {
host = "polyfill.io"
port = 443
secure = True
requestHeaders = []
path = "/v3/polyfill.min.js"
queryString = "?features=es6"
method = "GET"
proxy = Nothing
rawBody = False
redirectCount = 10
responseTimeout = ResponseTimeoutDefault
requestVersion = HTTP/1.1
}
(ConnectionFailure user error (Network.Socket.gai_strerror not supported: 11001))
Error: processing vignette 'expreg.Rmd' failed with diagnostics:
pandoc document conversion failed with error 61
--- failed re-building 'expreg.Rmd'
--- re-building 'ndvuong.Rmd' using rmarkdown
[WARNING] Citeproc: citation BHAT:95 not found
[WARNING] Citeproc: citation CROI:20 not found
[WARNING] Citeproc: citation KOPP:WEN:00 not found
[WARNING] Citeproc: citation LEON:MIGU:17 not found
[WARNING] Citeproc: citation WEN:KOPP:01 not found
Could not fetch https://polyfill.io/v3/polyfill.min.js?features=es6
HttpExceptionRequest Request {
host = "polyfill.io"
port = 443
secure = True
requestHeaders = []
path = "/v3/polyfill.min.js"
queryString = "?features=es6"
method = "GET"
proxy = Nothing
rawBody = False
redirectCount = 10
responseTimeout = ResponseTimeoutDefault
requestVersion = HTTP/1.1
}
(ConnectionFailure user error (Network.Socket.gai_strerror not supported: 11001))
Error: processing vignette 'ndvuong.Rmd' failed with diagnostics:
pandoc document conversion failed with error 61
--- failed re-building 'ndvuong.Rmd'
SUMMARY: processing the following files failed:
'charitable.Rmd' 'escount.Rmd' 'expreg.Rmd' 'ndvuong.Rmd'
Error: Vignette re-building failed.
Execution halted
Flavor: r-oldrel-windows-x86_64