Last updated on 2025-04-29 10:50:40 CEST.
Flavor | Version | Tinstall | Tcheck | Ttotal | Status | Flags |
---|---|---|---|---|---|---|
r-devel-linux-x86_64-debian-clang | 1.0.3 | 24.05 | 259.07 | 283.12 | NOTE | |
r-devel-linux-x86_64-debian-gcc | 1.0.3 | 14.47 | 176.74 | 191.21 | OK | |
r-devel-linux-x86_64-fedora-clang | 1.0.3 | 446.71 | OK | |||
r-devel-linux-x86_64-fedora-gcc | 1.0.3 | 423.23 | OK | |||
r-devel-windows-x86_64 | 1.0.3 | 23.00 | 272.00 | 295.00 | OK | |
r-patched-linux-x86_64 | 1.0.3 | 21.56 | 243.53 | 265.09 | OK | |
r-release-linux-x86_64 | 1.0.3 | 19.08 | 243.95 | 263.03 | OK | |
r-release-macos-arm64 | 1.0.3 | 144.00 | OK | |||
r-release-macos-x86_64 | 1.0.3 | 307.00 | OK | |||
r-release-windows-x86_64 | 1.0.3 | 24.00 | 266.00 | 290.00 | OK | |
r-oldrel-macos-arm64 | 1.0.3 | 127.00 | OK | |||
r-oldrel-macos-x86_64 | 1.0.3 | 195.00 | OK | |||
r-oldrel-windows-x86_64 | 1.0.3 | 30.00 | 365.00 | 395.00 | OK |
Version: 1.0.3
Check: examples
Result: NOTE
Examples with CPU (user + system) or elapsed time > 5s
user system elapsed
test_mice_mixed 3.796 0.035 6.101
Flavor: r-devel-linux-x86_64-debian-clang