Last updated on 2025-02-04 21:49:32 CET.
Flavor | Version | Tinstall | Tcheck | Ttotal | Status | Flags |
---|---|---|---|---|---|---|
r-devel-linux-x86_64-debian-clang | 1.5 | 2.50 | 34.91 | 37.41 | NOTE | |
r-devel-linux-x86_64-debian-gcc | 1.5 | 1.90 | 27.76 | 29.66 | NOTE | |
r-devel-linux-x86_64-fedora-clang | 1.5 | 60.01 | OK | |||
r-devel-linux-x86_64-fedora-gcc | 1.5 | 70.37 | OK | |||
r-devel-windows-x86_64 | 1.5 | 4.00 | 83.00 | 87.00 | NOTE | |
r-patched-linux-x86_64 | 1.5 | 4.16 | 34.02 | 38.18 | OK | |
r-release-linux-x86_64 | 1.5 | 2.01 | 33.94 | 35.95 | OK | |
r-release-macos-arm64 | 1.5 | 37.00 | OK | |||
r-release-macos-x86_64 | 1.5 | 52.00 | OK | |||
r-release-windows-x86_64 | 1.5 | 4.00 | 79.00 | 83.00 | OK | |
r-oldrel-macos-arm64 | 1.5 | 41.00 | OK | |||
r-oldrel-macos-x86_64 | 1.5 | 52.00 | OK | |||
r-oldrel-windows-x86_64 | 1.5 | 4.00 | 75.00 | 79.00 | OK |
Version: 1.5
Check: Rd cross-references
Result: NOTE
Found the following Rd file(s) with Rd \link{} targets missing package
anchors:
missForest.Rd: randomForest
Please provide package anchors for all Rd \link{} targets not in the
package itself and the base packages.
Flavors: r-devel-linux-x86_64-debian-clang, r-devel-linux-x86_64-debian-gcc, r-devel-windows-x86_64