Last updated on 2024-08-31 22:49:43 CEST.
Flavor | Version | Tinstall | Tcheck | Ttotal | Status | Flags |
---|---|---|---|---|---|---|
r-devel-linux-x86_64-debian-clang | 0.3.0 | 1.72 | 20.34 | 22.06 | OK | |
r-devel-linux-x86_64-debian-gcc | 0.3.0 | 1.53 | 16.36 | 17.89 | OK | |
r-devel-linux-x86_64-fedora-clang | 0.3.0 | 35.89 | NOTE | |||
r-devel-linux-x86_64-fedora-gcc | 0.3.0 | 34.26 | NOTE | |||
r-devel-windows-x86_64 | 0.3.0 | 3.00 | 49.00 | 52.00 | OK | |
r-patched-linux-x86_64 | 0.3.0 | 1.94 | 19.65 | 21.59 | OK | |
r-release-linux-x86_64 | 0.3.0 | 1.98 | 19.23 | 21.21 | OK | |
r-release-macos-arm64 | 0.3.0 | 20.00 | OK | |||
r-release-macos-x86_64 | 0.3.0 | 26.00 | OK | |||
r-release-windows-x86_64 | 0.3.0 | 4.00 | 48.00 | 52.00 | OK | |
r-oldrel-macos-arm64 | 0.3.0 | 19.00 | OK | |||
r-oldrel-macos-x86_64 | 0.3.0 | 27.00 | OK | |||
r-oldrel-windows-x86_64 | 0.3.0 | 5.00 | 49.00 | 54.00 | OK |
Version: 0.3.0
Check: dependencies in R code
Result: NOTE
Namespaces in Imports field not imported from:
‘DT’ ‘Metrics’ ‘data.table’ ‘dplyr’ ‘mlr3’ ‘mlr3learners’
‘mlr3measures’ ‘mlr3pipelines’ ‘patchwork’ ‘plyr’ ‘purrr’
‘shinyWidgets’ ‘shinyalert’ ‘shinydashboard’ ‘shinyjs’ ‘stats’
‘stringr’
All declared Imports should be used.
Flavors: r-devel-linux-x86_64-fedora-clang, r-devel-linux-x86_64-fedora-gcc