Last updated on 2025-02-04 15:49:18 CET.
Flavor | Version | Tinstall | Tcheck | Ttotal | Status | Flags |
---|---|---|---|---|---|---|
r-devel-linux-x86_64-debian-clang | 0.10.1 | 6.89 | 162.39 | 169.28 | OK | |
r-devel-linux-x86_64-debian-gcc | 0.10.1 | 5.03 | 111.44 | 116.47 | OK | |
r-devel-linux-x86_64-fedora-clang | 0.10.1 | 270.39 | OK | |||
r-devel-linux-x86_64-fedora-gcc | 0.10.1 | 251.54 | OK | |||
r-devel-windows-x86_64 | 0.10.1 | 8.00 | 142.00 | 150.00 | OK | |
r-patched-linux-x86_64 | 0.10.1 | 6.60 | 146.48 | 153.08 | NOTE | |
r-release-linux-x86_64 | 0.10.1 | 4.87 | 150.29 | 155.16 | NOTE | |
r-release-macos-arm64 | 0.10.1 | 65.00 | NOTE | |||
r-release-macos-x86_64 | 0.10.1 | 144.00 | NOTE | |||
r-release-windows-x86_64 | 0.10.1 | 8.00 | 137.00 | 145.00 | NOTE | |
r-oldrel-macos-arm64 | 0.10.1 | 65.00 | NOTE | |||
r-oldrel-macos-x86_64 | 0.10.0 | 108.00 | NOTE | |||
r-oldrel-windows-x86_64 | 0.10.1 | 10.00 | 186.00 | 196.00 | NOTE |
Version: 0.10.1
Check: package dependencies
Result: NOTE
Package suggested but not available for checking: ‘mlr3proba’
Flavors: r-patched-linux-x86_64, r-release-linux-x86_64, r-release-macos-arm64, r-release-macos-x86_64, r-release-windows-x86_64, r-oldrel-macos-arm64, r-oldrel-windows-x86_64
Version: 0.10.0
Check: package dependencies
Result: NOTE
Package suggested but not available for checking: ‘mlr3proba’
Flavor: r-oldrel-macos-x86_64
Version: 0.10.0
Check: Rd cross-references
Result: NOTE
Package unavailable to check Rd xrefs: ‘mlr3proba’
Flavor: r-oldrel-macos-x86_64