Last updated on 2024-05-02 11:51:27 CEST.
Flavor | Version | Tinstall | Tcheck | Ttotal | Status | Flags |
---|---|---|---|---|---|---|
r-devel-linux-x86_64-debian-clang | 0.13.3 | 4.28 | 132.88 | 137.16 | NOTE | |
r-devel-linux-x86_64-debian-gcc | 0.13.3 | 3.06 | 92.00 | 95.06 | NOTE | |
r-devel-linux-x86_64-fedora-clang | 0.13.3 | 164.17 | NOTE | |||
r-devel-linux-x86_64-fedora-gcc | 0.13.3 | 169.76 | NOTE | |||
r-devel-windows-x86_64 | 0.13.3 | 4.00 | 115.00 | 119.00 | NOTE | |
r-patched-linux-x86_64 | 0.13.3 | 3.03 | 125.71 | 128.74 | NOTE | |
r-release-linux-x86_64 | 0.13.3 | 3.20 | 123.78 | 126.98 | NOTE | |
r-release-macos-arm64 | 0.13.3 | 55.00 | NOTE | |||
r-release-windows-x86_64 | 0.13.3 | 5.00 | 110.00 | 115.00 | NOTE | |
r-oldrel-macos-arm64 | 0.13.3 | 48.00 | NOTE | |||
r-oldrel-macos-x86_64 | 0.13.3 | 86.00 | NOTE | |||
r-oldrel-windows-x86_64 | 0.13.3 | 5.00 | 139.00 | 144.00 | NOTE |
Version: 0.13.3
Check: LazyData
Result: NOTE
'LazyData' is specified without a 'data' directory
Flavors: r-devel-linux-x86_64-debian-clang, r-devel-linux-x86_64-debian-gcc, r-devel-linux-x86_64-fedora-clang, r-devel-linux-x86_64-fedora-gcc, r-devel-windows-x86_64, r-patched-linux-x86_64, r-release-linux-x86_64, r-release-macos-arm64, r-release-windows-x86_64, r-oldrel-macos-arm64, r-oldrel-macos-x86_64, r-oldrel-windows-x86_64
Version: 0.13.3
Check: dependencies in R code
Result: NOTE
Namespaces in Imports field not imported from:
‘datasets’ ‘doParallel’ ‘parallel’
All declared Imports should be used.
Flavors: r-devel-linux-x86_64-fedora-clang, r-devel-linux-x86_64-fedora-gcc