Last updated on 2024-05-02 06:11:55 CEST.
Flavor | Version | Tinstall | Tcheck | Ttotal | Status | Flags |
---|---|---|---|---|---|---|
r-devel-linux-x86_64-debian-clang | 1.20 | 7.07 | 79.69 | 86.76 | OK | |
r-devel-linux-x86_64-debian-gcc | 1.20 | 6.79 | 57.46 | 64.25 | OK | |
r-devel-linux-x86_64-fedora-clang | 1.20 | 109.88 | NOTE | |||
r-devel-linux-x86_64-fedora-gcc | 1.20 | 103.76 | OK | |||
r-devel-windows-x86_64 | 1.20 | 8.00 | 73.00 | 81.00 | OK | |
r-patched-linux-x86_64 | 1.20 | 10.49 | 73.09 | 83.58 | OK | |
r-release-linux-x86_64 | 1.20 | 8.17 | 74.94 | 83.11 | OK | |
r-release-macos-arm64 | 1.20 | 31.00 | OK | |||
r-release-windows-x86_64 | 1.20 | 8.00 | 72.00 | 80.00 | OK | |
r-oldrel-macos-arm64 | 1.20 | 34.00 | OK | |||
r-oldrel-macos-x86_64 | 1.20 | 55.00 | OK | |||
r-oldrel-windows-x86_64 | 1.20 | 8.00 | 87.00 | 95.00 | OK |
Version: 1.20
Check: Rd cross-references
Result: NOTE
Undeclared package ‘geeM’ in Rd xrefs
Flavor: r-devel-linux-x86_64-fedora-clang