CRAN Package Check Results for Package mmodely

Last updated on 2025-02-04 19:50:26 CET.

Flavor Version Tinstall Tcheck Ttotal Status Flags
r-devel-linux-x86_64-debian-clang 0.2.5 3.93 83.08 87.01 NOTE
r-devel-linux-x86_64-debian-gcc 0.2.5 3.05 59.76 62.81 NOTE
r-devel-linux-x86_64-fedora-clang 0.2.5 146.38 NOTE
r-devel-linux-x86_64-fedora-gcc 0.2.5 150.60 NOTE
r-devel-windows-x86_64 0.2.5 6.00 126.00 132.00 NOTE
r-patched-linux-x86_64 0.2.5 4.10 78.99 83.09 NOTE
r-release-linux-x86_64 0.2.5 3.62 77.40 81.02 NOTE
r-release-macos-arm64 0.2.5 52.00 NOTE
r-release-macos-x86_64 0.2.5 73.00 NOTE
r-release-windows-x86_64 0.2.5 5.00 126.00 131.00 NOTE
r-oldrel-macos-arm64 0.2.5 58.00 OK
r-oldrel-macos-x86_64 0.2.5 169.00 OK
r-oldrel-windows-x86_64 0.2.5 6.00 139.00 145.00 OK

Check Details

Version: 0.2.5
Check: Rd files
Result: NOTE checkRd: (-1) average.fit.models.Rd:6: Lost braces; missing escapes or markup? 6 | These function takes the output of pgls.iter and uses its list of objects { model fits, optimzations (e.g.AICc)} and performs a weighted average on the ctoefficients estimated in the former by weighting by the latter. The parameters can also optionally be converted to binary by specifying "binary=FALSE" or just running the alias wraper function for assessing evidence of variable importance (Burnham & Anderson 2000). | ^ Flavors: r-devel-linux-x86_64-debian-clang, r-devel-linux-x86_64-debian-gcc, r-devel-linux-x86_64-fedora-clang, r-devel-linux-x86_64-fedora-gcc, r-devel-windows-x86_64, r-patched-linux-x86_64, r-release-linux-x86_64, r-release-macos-arm64, r-release-macos-x86_64, r-release-windows-x86_64