Last updated on 2025-02-04 16:49:18 CET.
Flavor | Version | Tinstall | Tcheck | Ttotal | Status | Flags |
---|---|---|---|---|---|---|
r-devel-linux-x86_64-debian-clang | 2.4.0 | 5.59 | 47.43 | 53.02 | NOTE | |
r-devel-linux-x86_64-debian-gcc | 2.4.0 | 4.34 | 33.78 | 38.12 | NOTE | |
r-devel-linux-x86_64-fedora-clang | 2.4.0 | 84.95 | NOTE | |||
r-devel-linux-x86_64-fedora-gcc | 2.4.0 | 79.03 | NOTE | |||
r-devel-windows-x86_64 | 2.4.0 | 7.00 | 64.00 | 71.00 | NOTE | |
r-patched-linux-x86_64 | 2.4.0 | 5.53 | 45.36 | 50.89 | NOTE | |
r-release-linux-x86_64 | 2.4.0 | 4.71 | 44.82 | 49.53 | NOTE | |
r-release-macos-arm64 | 2.4.0 | 23.00 | NOTE | |||
r-release-macos-x86_64 | 2.4.0 | 48.00 | NOTE | |||
r-release-windows-x86_64 | 2.4.0 | 6.00 | 64.00 | 70.00 | NOTE | |
r-oldrel-macos-arm64 | 2.4.0 | 27.00 | NOTE | |||
r-oldrel-macos-x86_64 | 2.4.0 | 40.00 | NOTE | |||
r-oldrel-windows-x86_64 | 2.4.0 | 8.00 | 77.00 | 85.00 | NOTE |
Version: 2.4.0
Check: Rd files
Result: NOTE
checkRd: (-1) lientz.Rd:45: Lost braces in \itemize; \value handles \item{}{} directly
checkRd: (-1) lientz.Rd:46: Lost braces in \itemize; \value handles \item{}{} directly
checkRd: (-1) lientz.Rd:47: Lost braces in \itemize; \value handles \item{}{} directly
checkRd: (-1) modeest-package.Rd:150: Escaped LaTeX specials: \&
checkRd: (-1) vieu.Rd:56: Escaped LaTeX specials: \&
Flavors: r-devel-linux-x86_64-debian-clang, r-devel-linux-x86_64-debian-gcc, r-devel-linux-x86_64-fedora-clang, r-devel-linux-x86_64-fedora-gcc, r-devel-windows-x86_64, r-patched-linux-x86_64, r-release-linux-x86_64, r-release-macos-arm64, r-release-macos-x86_64, r-release-windows-x86_64
Version: 2.4.0
Check: LazyData
Result: NOTE
'LazyData' is specified without a 'data' directory
Flavors: r-patched-linux-x86_64, r-release-linux-x86_64, r-release-macos-arm64, r-release-macos-x86_64, r-release-windows-x86_64, r-oldrel-macos-arm64, r-oldrel-macos-x86_64, r-oldrel-windows-x86_64
Version: 2.4.0
Check: Rd files
Result: NOTE
checkRd: (-1) modeest-package.Rd:150: Escaped LaTeX specials: \&
checkRd: (-1) vieu.Rd:56: Escaped LaTeX specials: \&
Flavors: r-oldrel-macos-arm64, r-oldrel-macos-x86_64, r-oldrel-windows-x86_64