Last updated on 2023-12-07 00:56:19 CET.
Flavor | Version | Tinstall | Tcheck | Ttotal | Status | Flags |
---|---|---|---|---|---|---|
r-devel-linux-x86_64-debian-clang | 1.2.8 | 21.76 | 295.61 | 317.37 | OK | |
r-devel-linux-x86_64-debian-gcc | 1.2.8 | 20.74 | 216.29 | 237.03 | OK | |
r-devel-linux-x86_64-fedora-clang | 1.2.8 | 388.99 | NOTE | |||
r-devel-linux-x86_64-fedora-gcc | 1.2.8 | 382.66 | NOTE | |||
r-devel-windows-x86_64 | 1.2.8 | 21.00 | 242.00 | 263.00 | OK | |
r-patched-linux-x86_64 | 1.2.8 | 24.79 | 282.19 | 306.98 | OK | |
r-release-linux-x86_64 | 1.2.8 | 16.23 | 282.12 | 298.35 | OK | |
r-release-macos-arm64 | 1.2.8 | 112.00 | OK | |||
r-release-macos-x86_64 | 1.2.8 | 214.00 | OK | |||
r-release-windows-x86_64 | 1.2.8 | 30.00 | 325.00 | 355.00 | OK | |
r-oldrel-macos-arm64 | 1.2.8 | 107.00 | OK | |||
r-oldrel-macos-x86_64 | 1.2.8 | 143.00 | OK | |||
r-oldrel-windows-x86_64 | 1.2.8 | 29.00 | 312.00 | 341.00 | OK |
Version: 1.2.8
Check: package dependencies
Result: NOTE
Imports includes 31 non-default packages.
Importing from so many packages makes the package vulnerable to any of
them becoming unavailable. Move as many as possible to Suggests and
use conditionally.
Flavor: r-devel-linux-x86_64-fedora-clang
Version: 1.2.8
Check: dependencies in R code
Result: NOTE
Namespaces in Imports field not imported from:
‘tidymodels’ ‘tidyverse’
All declared Imports should be used.
Flavors: r-devel-linux-x86_64-fedora-clang, r-devel-linux-x86_64-fedora-gcc