Last updated on 2025-02-04 16:49:18 CET.
Flavor | Version | Tinstall | Tcheck | Ttotal | Status | Flags |
---|---|---|---|---|---|---|
r-devel-linux-x86_64-debian-clang | 0.1.2 | 4.52 | 49.32 | 53.84 | NOTE | |
r-devel-linux-x86_64-debian-gcc | 0.1.2 | 3.63 | 34.39 | 38.02 | NOTE | |
r-devel-linux-x86_64-fedora-clang | 0.1.2 | 89.21 | OK | |||
r-devel-linux-x86_64-fedora-gcc | 0.1.2 | 98.33 | OK | |||
r-devel-windows-x86_64 | 0.1.2 | 5.00 | 69.00 | 74.00 | NOTE | |
r-patched-linux-x86_64 | 0.1.2 | 4.21 | 46.00 | 50.21 | OK | |
r-release-linux-x86_64 | 0.1.2 | 3.97 | 46.36 | 50.33 | OK | |
r-release-macos-arm64 | 0.1.2 | 32.00 | OK | |||
r-release-macos-x86_64 | 0.1.2 | 59.00 | OK | |||
r-release-windows-x86_64 | 0.1.2 | 8.00 | 67.00 | 75.00 | OK | |
r-oldrel-macos-arm64 | 0.1.2 | 36.00 | OK | |||
r-oldrel-macos-x86_64 | 0.1.2 | 46.00 | NOTE | |||
r-oldrel-windows-x86_64 | 0.1.2 | 5.00 | 78.00 | 83.00 | OK |
Version: 0.1.2
Check: Rd cross-references
Result: NOTE
Found the following Rd file(s) with Rd \link{} targets missing package
anchors:
lival.Rd: survey
Please provide package anchors for all Rd \link{} targets not in the
package itself and the base packages.
Flavors: r-devel-linux-x86_64-debian-clang, r-devel-linux-x86_64-debian-gcc, r-devel-windows-x86_64
Version: 0.1.2
Check: package dependencies
Result: NOTE
Package suggested but not available for checking: ‘survey’
Flavor: r-oldrel-macos-x86_64