CRAN Package Check Results for Package monobin

Last updated on 2024-06-13 11:48:19 CEST.

Flavor Version Tinstall Tcheck Ttotal Status Flags
r-devel-linux-x86_64-debian-clang 0.2.4 8.25 57.59 65.84 OK
r-devel-linux-x86_64-debian-gcc 0.2.4 0.37 1.59 1.96 ERROR
r-devel-linux-x86_64-fedora-clang 0.2.4 99.86 OK
r-devel-linux-x86_64-fedora-gcc 0.2.4 90.71 OK
r-devel-windows-x86_64 0.2.4 8.00 69.00 77.00 OK
r-patched-linux-x86_64 0.2.4 5.51 64.58 70.09 OK
r-release-linux-x86_64 0.2.4 5.35 43.85 49.20 OK
r-release-macos-arm64 0.2.4 31.00 OK
r-release-macos-x86_64 0.2.4 42.00 OK
r-release-windows-x86_64 0.2.4 9.00 71.00 80.00 OK
r-oldrel-macos-arm64 0.2.4 32.00 OK
r-oldrel-macos-x86_64 0.2.4 46.00 OK
r-oldrel-windows-x86_64 0.2.4 10.00 82.00 92.00 OK

Check Details

Version: 0.2.4
Check: package dependencies
Result: ERROR Packages required but not available: 'dplyr', 'Hmisc' See section ‘The DESCRIPTION file’ in the ‘Writing R Extensions’ manual. Flavor: r-devel-linux-x86_64-debian-gcc