CRAN Package Check Results for Package monobinShiny

Last updated on 2024-06-13 10:49:02 CEST.

Flavor Version Tinstall Tcheck Ttotal Status Flags
r-devel-linux-x86_64-debian-clang 0.1.0 10.86 64.13 74.99 OK
r-devel-linux-x86_64-debian-gcc 0.1.0 0.35 1.62 1.97 ERROR
r-devel-linux-x86_64-fedora-clang 0.1.0 107.03 OK
r-devel-linux-x86_64-fedora-gcc 0.1.0 97.20 OK
r-devel-windows-x86_64 0.1.0 9.00 77.00 86.00 OK
r-patched-linux-x86_64 0.1.0 6.29 69.14 75.43 OK
r-release-linux-x86_64 0.1.0 6.10 45.26 51.36 OK
r-release-macos-arm64 0.1.0 33.00 OK
r-release-macos-x86_64 0.1.0 51.00 OK
r-release-windows-x86_64 0.1.0 9.00 78.00 87.00 OK
r-oldrel-macos-arm64 0.1.0 33.00 OK
r-oldrel-macos-x86_64 0.1.0 49.00 OK
r-oldrel-windows-x86_64 0.1.0 13.00 100.00 113.00 OK

Check Details

Version: 0.1.0
Check: package dependencies
Result: ERROR Packages required but not available: 'monobin', 'dplyr' See section ‘The DESCRIPTION file’ in the ‘Writing R Extensions’ manual. Flavor: r-devel-linux-x86_64-debian-gcc