Last updated on 2023-12-06 23:12:06 CET.
Flavor | Version | Tinstall | Tcheck | Ttotal | Status | Flags |
---|---|---|---|---|---|---|
r-devel-linux-x86_64-debian-clang | 1.9.0 | 29.53 | 454.56 | 484.09 | OK | |
r-devel-linux-x86_64-debian-gcc | 1.9.0 | 25.37 | 338.28 | 363.65 | OK | |
r-devel-linux-x86_64-fedora-clang | 1.9.0 | 602.65 | NOTE | |||
r-devel-linux-x86_64-fedora-gcc | 1.9.0 | 584.56 | OK | |||
r-devel-windows-x86_64 | 1.9.0 | 25.00 | 342.00 | 367.00 | OK | |
r-patched-linux-x86_64 | 1.9.0 | 30.19 | 430.44 | 460.63 | OK | |
r-release-linux-x86_64 | 1.9.0 | 20.29 | 430.56 | 450.85 | OK | |
r-release-macos-arm64 | 1.9.0 | 148.00 | OK | |||
r-release-macos-x86_64 | 1.9.0 | 238.00 | OK | |||
r-release-windows-x86_64 | 1.9.0 | 34.00 | 462.00 | 496.00 | OK | |
r-oldrel-macos-arm64 | 1.9.0 | 152.00 | OK | |||
r-oldrel-macos-x86_64 | 1.8.4.2 | 202.00 | OK | |||
r-oldrel-windows-x86_64 | 1.9.0 | 35.00 | 440.00 | 475.00 | OK |
Version: 1.9.0
Check: Rd cross-references
Result: NOTE
Undeclared package ‘cubature’ in Rd xrefs
Flavor: r-devel-linux-x86_64-fedora-clang