Last updated on 2025-02-04 21:49:33 CET.
Flavor | Version | Tinstall | Tcheck | Ttotal | Status | Flags |
---|---|---|---|---|---|---|
r-devel-linux-x86_64-debian-clang | 0.2 | 2.44 | 22.01 | 24.45 | NOTE | |
r-devel-linux-x86_64-debian-gcc | 0.2 | 1.69 | 17.49 | 19.18 | NOTE | |
r-devel-linux-x86_64-fedora-clang | 0.2 | 40.03 | NOTE | |||
r-devel-linux-x86_64-fedora-gcc | 0.2 | 36.54 | NOTE | |||
r-devel-windows-x86_64 | 0.2 | 5.00 | 49.00 | 54.00 | NOTE | |
r-patched-linux-x86_64 | 0.2 | 2.45 | 21.16 | 23.61 | NOTE | |
r-release-linux-x86_64 | 0.2 | 2.26 | 20.76 | 23.02 | NOTE | |
r-release-macos-arm64 | 0.2 | 17.00 | NOTE | |||
r-release-macos-x86_64 | 0.2 | 25.00 | NOTE | |||
r-release-windows-x86_64 | 0.2 | 3.00 | 45.00 | 48.00 | NOTE | |
r-oldrel-macos-arm64 | 0.2 | 19.00 | OK | |||
r-oldrel-macos-x86_64 | 0.2 | 24.00 | OK | |||
r-oldrel-windows-x86_64 | 0.2 | 5.00 | 50.00 | 55.00 | OK |
Version: 0.2
Check: Rd files
Result: NOTE
checkRd: (-1) bmi.bmi.Rd:14: Lost braces in \enumerate; meant \describe ?
checkRd: (-1) bmi.bmi.Rd:15: Lost braces in \enumerate; meant \describe ?
checkRd: (-1) bmi.bmi.Rd:16: Lost braces in \enumerate; meant \describe ?
checkRd: (-1) bmi.sbp.Rd:14: Lost braces in \enumerate; meant \describe ?
checkRd: (-1) bmi.sbp.Rd:15: Lost braces in \enumerate; meant \describe ?
checkRd: (-1) bmi.sbp.Rd:16: Lost braces in \enumerate; meant \describe ?
Flavors: r-devel-linux-x86_64-debian-clang, r-devel-linux-x86_64-debian-gcc, r-devel-linux-x86_64-fedora-clang, r-devel-linux-x86_64-fedora-gcc, r-devel-windows-x86_64, r-patched-linux-x86_64, r-release-linux-x86_64, r-release-macos-arm64, r-release-macos-x86_64, r-release-windows-x86_64