CRAN Package Check Results for Package multilevLCA

Last updated on 2025-04-29 10:50:41 CEST.

Flavor Version Tinstall Tcheck Ttotal Status Flags
r-devel-linux-x86_64-debian-clang 2.0.1 161.97 71.89 233.86 OK
r-devel-linux-x86_64-debian-gcc 2.0.1 109.21 46.94 156.15 OK
r-devel-linux-x86_64-fedora-clang 2.0.1 343.97 OK
r-devel-linux-x86_64-fedora-gcc 2.0.1 418.62 OK
r-devel-windows-x86_64 2.0.1 146.00 105.00 251.00 OK
r-patched-linux-x86_64 2.0.1 151.41 65.96 217.37 OK
r-release-linux-x86_64 2.0.1 145.66 66.55 212.21 OK
r-release-macos-arm64 2.0.1 90.00 OK
r-release-macos-x86_64 2.0.1 93.00 OK
r-release-windows-x86_64 2.0.1 146.00 103.00 249.00 OK
r-oldrel-macos-arm64 2.0.1 82.00 NOTE
r-oldrel-macos-x86_64 2.0.1 106.00 NOTE
r-oldrel-windows-x86_64 2.0.1 182.00 136.00 318.00 OK

Check Details

Version: 2.0.1
Check: installed package size
Result: NOTE installed size is 16.3Mb sub-directories of 1Mb or more: libs 15.4Mb Flavors: r-oldrel-macos-arm64, r-oldrel-macos-x86_64